Brisbane, Queensland, Australia, Latitude 27°S 23' 52", Longitude 152° E 55' 35", Elevation 76 m

Tue 7 Jul 2020 1:50:01 pm: Temperature: 22.5 °C, Humidity: 38 %, Wind speed: 3 km/h, Wind Gust: 12 km/h, Rain today: 0.0 mm, MSLP: 1024.62 hPa

Website under continual development from 10 years of weather data. Please contact us if you find issues or like to provide feedback.

NOAA Style Reports

This page shows monthly and annual NOAA style reports since 2009.

Tables are updated at midnight each day.


Report for 2019 Mar
                   Monthly Climatological Summary for Mar 2019

Name: Ferny Grove   City: Brisbane   State: Queensland
Elevation: 76 m  Lat: S 27 23 52   Lon: E 152 55 35

                  Temperature (°C), Rain (mm), Wind Speed (km/h)

                                      Heat  Cool        Avg
    Mean                              Deg   Deg         Wind                 Dom
Day Temp  High   Time   Low    Time   Days  Days  Rain  Speed High   Time    Dir
----------------------------------------------------------------------------------
01  23.9  28.3  1:18pm  19.4  5:33am   0.0   0.9   1.6   4.8  25.0 11:45am   SSE
02  23.6  27.8 12:02pm  19.4  6:22am   0.0   0.5   2.8   5.2  33.0  1:20pm     S
03  23.9  28.9  1:21pm  18.9  5:48am   0.0   0.9   2.2   5.1  31.0 12:35pm    SE
04  24.5  28.9  1:02pm  20.0  4:32am   0.0   1.3   0.0   5.2  27.0 12:10pm    SE
05  25.6  31.1  1:55pm  20.0  6:05am   0.0   1.9   0.0   4.2  25.0  2:45pm    SE
06  27.5  33.3  1:15pm  21.7  5:58am   0.0   2.6   0.6   4.7  25.0  5:15pm    NE
07  27.2  33.3  2:29pm  21.1  5:47am   0.0   2.8   0.2   5.9  31.0  4:05pm   SSE
08  26.4  30.6  1:32pm  22.2  6:05am   0.0   1.7   0.2   4.6  31.0 10:45am    SE
09  25.9  32.6  1:45pm  21.8 12:59am   0.0   2.5   0.0   4.9  23.0 11:19am   ENE
10  26.6  34.3  1:14pm  21.8  3:37am   0.0   3.1   0.0   5.8  27.0  3:06pm    NE
11  27.2  38.0 11:49am  21.7  6:09am   0.0   3.6   0.0   4.0  27.0  3:13pm    NE
12  29.3  41.1  2:43pm  21.4  2:26am   0.0   5.9   0.4   4.2  29.0  2:54pm   WNW
13  27.3  37.1 12:38pm  20.3  6:00am   0.0   4.0   0.0   5.1  35.0  1:31pm    SE
14  26.2  31.8 12:51pm  22.4 11:58pm   0.0   2.4   0.2   4.4  21.0 10:58am     E
15  24.1  35.9 11:54am  19.6 10:20pm   0.0   2.2  47.6   5.3  46.0  4:06pm   NNE
16  21.8  25.2  2:20pm  19.6 12:09am   0.0   0.0  59.6   2.7  14.0  5:59pm   SSW
17  22.2  26.7  1:42pm  19.7  3:18am   0.0   0.3  44.4   2.5  25.0  2:51pm   SSE
18  22.5  30.8 12:26pm  19.5 11:50pm   0.0   0.8   9.0   2.9  44.0  1:57pm     N
19  25.1  34.9  2:28pm  17.8  5:49am   0.0   3.0   0.0   3.3  23.0  3:34pm   NNE
20  25.4  32.6 11:50am  19.2  6:09am   0.0   2.6   0.0   3.2  23.0  3:42pm   ESE
21  26.3  33.4  1:27pm  22.9  4:39am   0.0   2.5   0.0   3.6  23.0  2:50pm   ESE
22  25.7  30.3  2:30pm  22.3  6:29am   0.0   2.1   0.0   3.7  23.0  2:37pm   ENE
23  26.8  35.1  2:23pm  21.3  6:07am   0.0   3.3   0.0   3.7  21.0  1:05pm   NNE
24  27.1  35.9  1:55pm  20.9  6:00am   0.0   3.8   0.0   4.2  21.0  3:34pm    NE
25  26.1  34.0 12:32pm  20.2  6:18am   0.0   2.9   0.0   4.1  23.0  2:47pm    NE
26  26.5  31.7  1:39pm  22.6  5:52am   0.0   2.7   0.0   3.1  17.0  4:59pm    NW
27  21.1  23.7 12:00am  18.7  9:45pm   0.0   0.0  18.6   4.4  31.0  6:48am   SSW
28  21.2  24.3 12:48pm  18.3  3:14am   0.0   0.0   2.8   4.8  25.0  1:04pm     S
29  24.1  29.2  1:24pm  19.8  4:27am   0.0   1.3   0.2   3.7  23.0 10:29am   ESE
30  23.3  26.8 11:34am  19.5 11:59pm   0.0   0.5  11.4   4.6  41.0  9:05am     N
31  20.1  28.1  2:47pm  14.1  4:46am   0.9   0.7   0.0   4.1  19.0  2:24am    NW
----------------------------------------------------------------------------------
    25.0  41.1    12    14.1    31     0.9  62.8 201.8   4.2  46.0    15       E

Max >=  30.0 20
Max <=  25.0  2
Min <=  10.0  0
Min <=   5.0  0
Max Rain: 59.6 on day 16
Days of Rain: 16 (>= 0.2 mm)  9 (>= 2.0 mm)  3 (>= 20.0 mm)
Heat Base: 18.0  Cool Base: 24.0  Method: Integration