Brisbane, Queensland, Australia, Latitude 27°S 23' 52", Longitude 152° E 55' 35", Elevation 76 m

Tue 21 Sep 2021 11:10:03 pm: Temperature: 12.1 °C, Humidity: 40 %, Wind speed: 7 km/h, Wind Gust: 17 km/h, Rain today: 0.0 mm, MSLP: 1018.5 hPa

Website under continual development from 11 years of weather data. Please contact us if you find issues or like to provide feedback.

NOAA Style Reports

This page shows monthly and annual NOAA style reports since 2009.

Tables are updated at midnight each day.


Report for 2019 Apr
                   Monthly Climatological Summary for Apr 2019

Name: Ferny Grove   City: Brisbane   State: Queensland
Elevation: 76 m  Lat: S 27 23 52   Lon: E 152 55 35

                  Temperature (°C), Rain (mm), Wind Speed (km/h)

                                      Heat  Cool        Avg
    Mean                              Deg   Deg         Wind                 Dom
Day Temp  High   Time   Low    Time   Days  Days  Rain  Speed High   Time    Dir
----------------------------------------------------------------------------------
01  20.1  27.0 12:12pm  14.2  6:17am   0.9   0.4   0.0   4.3  25.0  1:55pm   SSE
02  20.6  26.9  1:54pm  15.9  3:59am   0.3   0.4   5.2   6.0  27.0  1:37pm     S
03  20.2  25.3  2:11pm  17.7 11:54pm   0.0   0.0   9.8   5.3  29.0  3:19pm     S
04  21.8  27.7  1:31pm  17.3  1:10am   0.1   0.7   0.2   6.4  27.0 11:42am     S
05  21.7  27.8  2:59pm  16.9  4:39am   0.1   0.6   1.2   5.2  25.0 11:38am   SSE
06  21.5  28.0 12:32pm  17.6  6:04am   0.0   0.6   0.2   2.8  23.0  4:31pm    SE
07  21.9  29.4 12:44pm  16.7  6:24am   0.2   1.1   0.0   2.7  19.0 12:06pm   ENE
08  22.4  30.5  2:07pm  16.2  5:44am   0.3   1.3   0.0   3.1  21.0  3:39pm    NE
09  23.0  30.3  1:44pm  16.7  6:05am   0.1   1.5   0.0   4.2  21.0 11:17am   NNE
10  22.0  28.1 12:22pm  17.2  4:38am   0.1   0.5   0.0   5.6  33.0  2:37pm   SSE
11  21.2  25.9 12:55pm  17.3 11:38pm   0.0   0.1   0.0   4.9  27.0  2:59pm   SSE
12  19.1  25.3  1:02pm  14.6  5:50am   0.8   0.0   4.0   3.8  29.0  2:31pm     S
13  19.5  26.3  1:52pm  14.1  5:50am   1.2   0.3   0.2   3.4  23.0  3:12pm   SSE
14  20.2  26.8  3:01pm  14.8  6:17am   0.8   0.3   0.0   3.1  19.0  8:34am   SSE
15  19.7  26.4 12:38pm  14.8  5:48am   0.8   0.1   0.0   2.2  21.0 10:32am   SSE
16  18.7  25.8  2:28pm  14.3  5:58am   1.2   0.1   1.0   1.7  23.0  1:11pm     S
17  20.1  26.4  1:45pm  14.8  5:26am   0.9   0.3   0.0   3.4  25.0  2:07pm   SSE
18  21.4  28.1  1:06pm  15.8  6:25am   0.5   0.7   0.0   4.2  21.0  8:44am     S
19  21.0  26.9 12:12pm  17.9  4:56am   0.0   0.2  10.4   5.3  33.0 12:15pm     S
20  20.7  24.3  2:56pm  19.0  5:11am   0.0   0.0  34.8   3.7  37.0  4:45pm     S
21  21.0  25.8 12:08pm  18.6  6:37am   0.0   0.1   1.6   4.4  27.0  1:46pm   SSE
22  20.9  25.8  1:51pm  17.8  6:15am   0.0   0.1   4.4   4.4  29.0  1:55pm     S
23  20.3  23.3 12:41pm  17.5 11:56pm   0.0   0.0   1.6   2.9  27.0  2:27pm   SSE
24  21.0  25.7 11:56am  16.0  3:40am   0.3   0.1   0.0   3.8  27.0  3:11pm   SSE
25  21.2  26.8  2:03pm  18.0 11:59pm   0.0   0.2   0.0   2.2  25.0 12:25pm   SSE
26  21.1  27.6  2:11pm  17.3  6:49am   0.1   0.5   0.0   1.9  14.0  1:22pm   NNE
27  21.4  28.6 12:41pm  15.2  6:30am   0.6   0.7   0.0   3.3  19.0 10:14am   SSE
28  21.1  28.1  1:49pm  15.9  6:31am   0.3   0.6   0.0   2.5  17.0  4:18pm    NE
29  19.6  23.9 12:56pm  15.3  3:50am   0.6   0.0   0.0   3.2  23.0 10:48am   SSE
30  18.8  23.6  9:58am  14.8  1:26am   0.6   0.0   6.4   2.4  23.0  9:28am     S
----------------------------------------------------------------------------------
    20.8  30.5     8    14.1    13    10.8  11.5  81.0   3.7  37.0    20     SSE

Max >=  30.0  2
Max <=  25.0  4
Min <=  10.0  0
Min <=   5.0  0
Max Rain: 34.8 on day 20
Days of Rain: 14 (>= 0.2 mm)  7 (>= 2.0 mm)  1 (>= 20.0 mm)
Heat Base: 18.0  Cool Base: 24.0  Method: Integration