Brisbane, Queensland, Australia, Latitude 27°S 23' 52", Longitude 152° E 55' 35", Elevation 76 m

Mon 29 Nov 2021 5:50:03 pm: Temperature: 23.4 °C, Humidity: 76 %, Wind speed: 9 km/h, Wind Gust: 17 km/h, Rain today: 0.0 mm, MSLP: 1015.9 hPa

Website under continual development from 11 years of weather data. Please contact us if you find issues or like to provide feedback.

NOAA Style Reports

This page shows monthly and annual NOAA style reports since 2009.

Tables are updated at midnight each day.


Report for 2019 Sep
                   Monthly Climatological Summary for Sep 2019

Name: Ferny Grove   City: Brisbane   State: Queensland
Elevation: 76 m  Lat: S 27 23 52   Lon: E 152 55 35

                  Temperature (°C), Rain (mm), Wind Speed (km/h)

                                      Heat  Cool        Avg
    Mean                              Deg   Deg         Wind                 Dom
Day Temp  High   Time   Low    Time   Days  Days  Rain  Speed High   Time    Dir
----------------------------------------------------------------------------------
01  16.2  26.9  1:54pm   7.3  6:30am   3.9   0.2   0.0   3.0  21.0  3:40pm    SE
02  20.1  29.7  2:23pm   9.6  4:51am   2.4   1.1   0.0   5.2  29.0  8:34pm   WNW
03  17.6  28.4  1:15pm   8.6  6:14am   2.9   0.5   0.0   2.8  19.0  3:46pm     E
04  20.2  34.1  1:51pm   8.3  6:00am   3.1   2.7   0.0   4.6  33.0 12:38pm   WSW
05  20.2  32.4 11:43am   9.3  6:06am   2.6   2.2   0.0   3.2  25.0  2:30pm   ENE
06  23.3  35.3  1:44pm   9.6  5:58am   2.1   3.5   0.0   9.0  42.0  2:17pm     N
07  21.5  26.6  2:15pm  16.3  6:27am   0.1   0.4   0.0  15.1  48.0 12:13pm   WNW
08  19.6  25.8  2:19pm  14.1  6:17am   0.7   0.1   0.0  14.9  50.0 10:58pm     W
09  17.7  23.6  1:26pm  13.0  6:05am   1.5   0.0   0.0  14.1  54.0 11:22am     W
10  15.8  24.2  1:16pm   9.6 11:57pm   3.2   0.0   0.0   5.6  25.0 12:30am   SSW
11  14.8  23.4  2:56pm   7.7  5:52am   4.1   0.0   0.0   3.8  27.0 10:27am   SSE
12  15.9  25.1  1:26pm   6.9  6:10am   3.7   0.0   0.0   3.7  19.0  2:48pm   ENE
13  18.4  30.7  1:38pm   7.7  5:47am   3.4   1.3   0.0   4.1  33.0 11:16am   SSW
14  20.2  31.5  2:15pm  10.9  4:15am   2.0   1.5   0.0   4.2  27.0  4:43pm   WSW
15  18.4  25.6 12:14pm  12.2  6:12am   1.8   0.1   0.0   4.6  25.0  4:53pm   ENE
16  19.1  29.8 12:45pm   9.9  5:56am   2.2   0.8   0.0   5.5  27.0  3:12pm    NE
17  19.3  29.6 11:50am  11.0  5:46am   1.7   0.7   1.8   3.7  23.0  5:10pm    SE
18  18.8  27.4  2:01pm  12.2 11:48pm   1.7   0.5   0.0   5.6  27.0  3:17am    NW
19  17.6  26.8 11:24am  10.0  5:47am   2.6   0.2   0.0   3.6  37.0  2:18pm     E
20  19.8  27.3 11:49am  14.1 12:11am   0.9   0.4   0.0   4.1  27.0  2:27pm     E
21  20.3  27.2  1:03pm  15.4  4:05am   0.6   0.5   0.0   5.4  33.0 12:37pm   ENE
22  20.7  28.3  2:02pm  14.7  4:40am   0.7   0.7   0.0   5.8  27.0  3:15pm    NE
23  21.3  32.5  1:07pm  13.2  5:29am   1.1   1.5   0.0   3.6  21.0 10:22am    NE
24  19.6  25.4 11:17am  15.0  5:09am   0.5   0.0   0.0   5.1  29.0 12:52pm    SE
25  20.0  25.3 12:09pm  17.1  5:12am   0.2   0.0   0.0   4.8  27.0  2:15pm   ENE
26  19.9  25.8 12:16pm  16.6 11:58pm   0.2   0.0   0.0   5.2  29.0 10:37am    NE
27  20.5  28.6  1:17pm  13.4  5:34am   0.9   0.6   0.0   6.3  29.0  4:05pm    NE
28  22.8  33.2 12:36pm  15.6 11:58pm   0.2   1.9   0.0   4.6  25.0 11:40am     N
29  20.0  26.8 12:48pm  13.9  5:26am   0.9   0.4   0.0   5.0  27.0 11:22am   ENE
30  21.5  29.2 12:10pm  16.7  2:30am   0.2   0.6   0.0   5.9  33.0  6:47pm    SE
----------------------------------------------------------------------------------
    19.4  35.3     6     6.9    12    52.1  22.4   1.8   5.7  54.0     9       N

Max >=  30.0  7
Max <=  25.0  3
Min <=  10.0 12
Min <=   5.0  0
Max Rain: 1.8 on day 17
Days of Rain: 1 (>= 0.2 mm)  0 (>= 2.0 mm)  0 (>= 20.0 mm)
Heat Base: 18.0  Cool Base: 24.0  Method: Integration