Brisbane, Queensland, Australia, Latitude 27°S 23' 52", Longitude 152° E 55' 35", Elevation 76 m

Mon 29 Nov 2021 7:30:03 pm: Temperature: 22.9 °C, Humidity: 81 %, Wind speed: 2 km/h, Wind Gust: 6 km/h, Rain today: 0.0 mm, MSLP: 1016.6 hPa

Website under continual development from 11 years of weather data. Please contact us if you find issues or like to provide feedback.

NOAA Style Reports

This page shows monthly and annual NOAA style reports since 2009.

Tables are updated at midnight each day.


Report for 2019 Oct
                   Monthly Climatological Summary for Oct 2019

Name: Ferny Grove   City: Brisbane   State: Queensland
Elevation: 76 m  Lat: S 27 23 52   Lon: E 152 55 35

                  Temperature (°C), Rain (mm), Wind Speed (km/h)

                                      Heat  Cool        Avg
    Mean                              Deg   Deg         Wind                 Dom
Day Temp  High   Time   Low    Time   Days  Days  Rain  Speed High   Time    Dir
----------------------------------------------------------------------------------
01  19.3  24.7  1:49pm  15.4 10:17pm   0.3   0.0   0.2   6.6  35.0 12:49pm    SE
02  18.3  25.3  1:38pm  11.7 11:56pm   1.5   0.0   0.0   4.4  23.0  1:30pm   ESE
03  17.8  27.4  1:22pm   9.2  5:33am   2.8   0.4   0.0   4.6  27.0  3:52pm   ENE
04  19.1  28.1 11:54am  10.7  5:37am   2.0   0.7   0.0   5.0  27.0 12:53pm   ENE
05  20.1  32.4 11:51am  11.4  5:35am   1.7   1.1   0.0   4.7  31.0  1:09pm   ESE
06  20.7  28.6  1:21pm  14.6  4:22am   0.8   0.7   0.0   4.9  27.0  5:13pm   ENE
07  23.5  33.8 11:54am  14.2  5:37am   0.7   2.6   0.0   3.5  21.0  2:49pm   ENE
08  26.5  34.7 11:49am  19.6 12:56am   0.0   3.8   0.0   4.4  31.0  8:08pm    NE
09  20.8  25.8 10:59am  17.1 11:54pm   0.1   0.2   0.0   6.4  27.0 11:55am    SE
10  18.7  25.1  1:26pm  13.2  5:29am   1.0   0.0   0.0   5.3  25.0  3:39pm    SE
11  16.5  23.1 11:26am  12.1  5:35am   2.3   0.0  15.2   3.5  27.0  3:08pm   ESE
12  15.1  21.3  2:52pm  10.8 11:55pm   3.4   0.0   9.6   4.3  31.0  8:34am    SW
13  17.7  26.4 12:15pm  10.4  3:17am   2.4   0.1   0.0   4.9  25.0  8:01am     S
14  19.3  26.9 12:50pm  12.2  5:05am   1.5   0.2   0.0   4.5  27.0  1:05pm   ENE
15  21.4  28.7 12:56pm  16.2  1:52am   0.3   0.7   4.2   4.9  27.0 10:35am   ENE
16  23.2  31.1 12:55pm  17.1  5:06am   0.1   1.4   0.0   7.4  37.0  2:11pm    NE
17  23.4  32.8 12:53pm  17.6  4:22am   0.0   2.0   6.0   7.3  46.0  4:41pm    NE
18  22.1  28.3 11:29am  16.6  5:24am   0.1   0.8   0.0   4.8  31.0 11:54am   ESE
19  20.8  25.9  2:44pm  17.3  3:58am   0.1   0.1   8.2   2.5  19.0  3:31pm   NNE
20  20.9  29.5 12:06pm  14.0  6:00am   0.7   0.8   1.0   5.7  35.0  4:07pm    SE
21  20.1  25.9  1:10pm  14.5 11:44pm   0.5   0.1   0.0   6.2  35.0  2:50pm    SE
22  19.4  25.9 11:51am  13.3  5:19am   1.3   0.2   0.0   4.1  27.0  1:50pm   ESE
23  20.0  27.2 12:49pm  14.1 11:59pm   1.2   0.6   0.0   4.1  27.0  4:56pm   ESE
24  20.2  28.3 11:09am  12.6  5:08am   1.4   0.9   0.0   5.7  31.0  3:31pm   ENE
25  20.6  28.7 12:33pm  12.6  5:21am   1.2   0.9   0.0   6.6  29.0  1:58pm    NE
26  21.8  30.2 12:32pm  13.7  5:13am   0.7   1.2   0.0   7.8  33.0  2:19pm    NE
27  22.6  30.4 10:50am  15.4  4:33am   0.4   1.4   0.0   5.8  27.0  1:23pm     E
28  22.6  29.2 11:45am  18.9  5:27am   0.0   0.8   0.0   6.3  29.0  5:19pm    SE
29  21.6  26.9 10:29am  15.9 11:58pm   0.1   0.5   0.0   6.5  25.0 12:05pm   ESE
30  19.6  24.5  2:56pm  14.2  4:00am   1.0   0.0   0.0   3.5  19.0  4:04pm     E
31  20.7  28.0 12:58pm  13.9  4:06am   1.0   0.7   0.0   4.6  31.0  4:40pm     E
----------------------------------------------------------------------------------
    20.5  34.7     8     9.2     3    30.6  22.9  44.4   5.2  46.0    17       E

Max >=  30.0  7
Max <=  25.0  4
Min <=  10.0  1
Min <=   5.0  0
Max Rain: 15.2 on day 11
Days of Rain: 7 (>= 0.2 mm)  5 (>= 2.0 mm)  0 (>= 20.0 mm)
Heat Base: 18.0  Cool Base: 24.0  Method: Integration