Brisbane, Queensland, Australia, Latitude 27°S 23' 52", Longitude 152° E 55' 35", Elevation 76 m

Tue 7 Jul 2020 11:40:03 am: Temperature: 20.8 °C, Humidity: 43 %, Wind speed: 6 km/h, Wind Gust: 10 km/h, Rain today: 0.0 mm, MSLP: 1025.94 hPa

Website under continual development from 10 years of weather data. Please contact us if you find issues or like to provide feedback.

NOAA Style Reports

This page shows monthly and annual NOAA style reports since 2009.

Tables are updated at midnight each day.


Report for 2019 Nov
                   Monthly Climatological Summary for Nov 2019

Name: Ferny Grove   City: Brisbane   State: Queensland
Elevation: 76 m  Lat: S 27 23 52   Lon: E 152 55 35

                  Temperature (°C), Rain (mm), Wind Speed (km/h)

                                      Heat  Cool        Avg
    Mean                              Deg   Deg         Wind                 Dom
Day Temp  High   Time   Low    Time   Days  Days  Rain  Speed High   Time    Dir
----------------------------------------------------------------------------------
01  19.4  24.8 10:27am  15.8  1:57am   0.5   0.0   8.4   3.7  29.0  2:31pm   ESE
02  21.1  27.3 10:37am  15.4  3:11am   0.5   0.3   1.4   5.7  31.0  1:22pm     E
03  21.9  28.2  2:04pm  16.8  5:10am   0.1   0.6   0.8   6.5  35.0  2:31pm    NE
04  24.3  33.7 12:07pm  19.3  2:04am   0.0   1.9   0.0   5.4  33.0 12:33pm    NE
05  23.8  29.8 10:20am  14.5 11:47pm   0.2   1.8   0.0  10.3  64.0 11:46am     W
06  20.5  31.3  1:01pm  11.5  5:06am   1.5   1.1   0.0   5.6  25.0  1:19pm     E
07  23.4  35.6 12:36pm  11.6  5:09am   1.4   3.3   0.0   5.1  29.0  3:25pm    NE
08  27.7  40.3  1:23pm  12.8  4:56am   1.0   6.6   0.0   6.8  41.0  2:11pm    NW
09  25.7  31.8  1:24pm  16.8 11:59pm   0.0   2.8   0.0   8.0  39.0  1:27pm     W
10  23.4  34.4  2:40pm  11.4  5:02am   1.1   3.0   0.0   6.4  39.0  1:35pm   WNW
11  22.3  28.7  1:19pm  16.3  5:17am   0.1   0.9   0.0   5.5  31.0  4:45pm   ENE
12  24.9  33.3 11:22am  15.4  5:10am   0.3   3.0   0.0   7.2  29.0  3:10pm    NE
13  24.4  36.4 11:27am  17.0  4:58am   0.1   2.4   0.0   7.7  41.0  7:27am   ESE
14  24.1  31.1  1:38pm  17.1  5:24am   0.0   1.7   0.0   5.5  27.0  1:58pm     E
15  26.0  34.4 11:24am  19.9  5:15am   0.0   2.9   0.0   6.4  31.0  4:27pm    NE
16  26.3  36.0 11:07am  17.1  5:07am   0.1   3.9   0.0   5.3  29.0  2:58pm   ENE
17  24.5  33.1 11:52am  19.8  5:06am   0.0   1.7   2.8   5.9  41.0  9:56pm   ENE
18  22.9  28.3 12:58pm  18.4 10:42pm   0.0   0.9   0.0   6.7  29.0  7:49am   ESE
19  24.1  33.6 12:33pm  16.3  3:32am   0.2   2.3   0.0   6.0  29.0  1:31pm    NE
20  25.8  35.1 11:25am  18.2  5:19am   0.0   3.2   0.0   6.9  29.0  5:47pm   ENE
21  24.9  30.4  1:02pm  20.4 11:58pm   0.0   1.7   0.0   9.1  35.0  1:17pm   ENE
22  23.8  30.4 12:51pm  17.2  5:00am   0.0   1.7   0.0   7.7  31.0  9:23am    NE
23  24.3  30.7 12:42pm  18.1  5:01am   0.0   2.0   0.0   7.7  33.0 11:49am    NE
24  24.0  31.1  1:17pm  17.6  5:08am   0.0   1.8   0.0   7.7  31.0 10:25am   ENE
25  23.7  30.7 12:17pm  16.2  4:44am   0.2   1.7   0.0   7.2  33.0  2:10pm   ENE
26  25.5  32.5 12:03pm  19.6  5:26am   0.0   2.5   0.0   8.7  35.0  4:07pm    NE
27  25.3  33.4 11:05am  20.7  5:05am   0.0   2.2   0.0   6.4  33.0 12:08pm   ESE
28  23.9  28.6  2:41pm  21.7  5:09am   0.0   0.8   0.0   4.4  23.0  5:10pm     E
29  25.5  31.9  1:27pm  20.3  5:15am   0.0   2.5   0.0   7.5  31.0  8:22am    NE
30  26.7  35.1 11:26am  20.2  5:06am   0.0   3.5   0.0   7.5  31.0 12:56pm    NE
----------------------------------------------------------------------------------
    24.1  40.3     8    11.4    10     7.3  64.7  13.4   6.7  64.0     5     ENE

Max >=  30.0 23
Max <=  25.0  1
Min <=  10.0  0
Min <=   5.0  0
Max Rain: 8.4 on day 1
Days of Rain: 4 (>= 0.2 mm)  2 (>= 2.0 mm)  0 (>= 20.0 mm)
Heat Base: 18.0  Cool Base: 24.0  Method: Integration