Brisbane, Queensland, Australia, Latitude 27°S 23' 52", Longitude 152° E 55' 35", Elevation 76 m

Tue 26 Oct 2021 5:30:03 pm: Temperature: 22.7 °C, Humidity: 74 %, Wind speed: 8 km/h, Wind Gust: 14 km/h, Rain today: 0.0 mm, MSLP: 1016.0 hPa

Website under continual development from 11 years of weather data. Please contact us if you find issues or like to provide feedback.

NOAA Style Reports

This page shows monthly and annual NOAA style reports since 2009.

Tables are updated at midnight each day.


Report for 2019 Dec
                   Monthly Climatological Summary for Dec 2019

Name: Ferny Grove   City: Brisbane   State: Queensland
Elevation: 76 m  Lat: S 27 23 52   Lon: E 152 55 35

                  Temperature (°C), Rain (mm), Wind Speed (km/h)

                                      Heat  Cool        Avg
    Mean                              Deg   Deg         Wind                 Dom
Day Temp  High   Time   Low    Time   Days  Days  Rain  Speed High   Time    Dir
----------------------------------------------------------------------------------
01  26.0  35.6 11:21am  22.6 11:52pm   0.0   2.3   4.0   5.4  29.0 12:37pm    NE
02  28.5  35.3  2:17pm  21.3  5:06am   0.0   5.0   0.2  10.9  48.0 12:29pm   WNW
03  26.7  35.7  3:21pm  18.1  5:03am   0.0   3.9   0.0   6.2  37.0  2:55pm    NW
04  25.0  35.9 12:02pm  14.4  4:59am   0.5   3.6   0.0   5.4  27.0  1:55pm     E
05  26.6  39.3  2:19pm  14.8  4:49am   0.4   5.1   0.0   5.7  35.0 10:57am   NNE
06  27.8  39.3 12:48pm  15.1  4:52am   0.4   5.9   0.0   5.3  33.0  2:38pm   ENE
07  27.9  39.1 11:46am  18.5  5:10am   0.0   5.1   0.0   5.9  33.0  2:00pm   ESE
08  26.1  32.7  1:03pm  22.7  3:16am   0.0   2.3   0.0   6.2  29.0  4:27pm    SE
09  26.3  31.5 11:59am  22.1  3:38am   0.0   2.6   0.0   5.8  33.0 10:47am     E
10  27.1  34.6 11:32am  20.7  4:47am   0.0   3.8   0.0   7.1  29.0  1:09pm    NE
11  27.2  36.2 12:33pm  19.4 10:35pm   0.0   3.9  11.8   8.8  54.0 10:07pm   ENE
12  26.0  32.6 12:00pm  19.5 12:00am   0.0   3.0   0.0   7.4  31.0  4:17pm   ENE
13  24.4  30.5 12:49pm  19.3 11:58pm   0.0   1.8   3.2   4.8  27.0 10:50am   ENE
14  25.4  31.8  2:12pm  18.6  2:21am   0.0   2.7   0.0   6.9  33.0  4:11pm   ENE
15  27.5  34.3 11:14am  21.3  5:11am   0.0   3.9   0.0   6.7  33.0  2:56pm   ENE
16  28.7  42.8  1:00pm  20.1  5:11am   0.0   5.4   0.0   7.1  39.0  3:41pm   SSE
17  24.4  30.1 12:21pm  19.4  5:20am   0.0   1.7   0.0   7.0  35.0  2:25pm    SE
18  23.4  29.7 11:56am  18.2  5:12am   0.0   1.3   0.0   6.4  35.0  2:28pm    SE
19  23.9  30.8  1:10pm  16.6  4:44am   0.2   2.1   0.0   5.8  27.0 11:05am     E
20  24.7  32.1 12:43pm  17.7  5:13am   0.0   2.5   0.0   4.3  23.0  1:51pm   ENE
21  25.4  33.1 12:10pm  18.4  4:52am   0.0   2.8   0.0   6.1  27.0  3:05pm   ENE
22  25.4  31.9 11:25am  19.1  5:11am   0.0   2.5   0.0   4.4  21.0  2:51pm     E
23  25.9  31.2  2:42pm  22.9  5:10am   0.0   2.1   0.0   4.3  23.0  4:07pm   ESE
24  25.9  31.7 12:36pm  21.3 11:48pm   0.0   2.4  20.4   8.6  35.0  4:17pm    NE
25  22.5  25.2  3:41pm  20.8  4:45am   0.0   0.1  12.8   3.7  29.0 11:20am   SSE
26  24.2  29.8  1:25pm  20.5  5:09am   0.0   1.5   0.2   6.0  29.0 10:56am    SE
27  23.1  27.2  4:24pm  19.5  5:29am   0.0   0.6   0.4   5.4  35.0  1:39pm    SE
28  23.9  29.2 11:56am  19.1  2:10am   0.0   1.3   0.0   5.0  25.0 11:42am   ESE
29  25.1  30.7 11:57am  19.4  5:43am   0.0   2.2   0.0   4.7  31.0  1:58pm     E
30  24.8  30.9  1:34pm  18.8  5:03am   0.0   2.1   1.0   5.4  27.0 11:26am     E
31  24.8  31.1  1:15pm  20.8  5:21am   0.0   1.7   0.8   4.7  25.0 12:27pm   ENE
----------------------------------------------------------------------------------
    25.6  42.8    16    14.4     4     1.5  87.2  54.8   6.0  54.0    11       E

Max >=  30.0 26
Max <=  25.0  0
Min <=  10.0  0
Min <=   5.0  0
Max Rain: 20.4 on day 24
Days of Rain: 10 (>= 0.2 mm)  5 (>= 2.0 mm)  1 (>= 20.0 mm)
Heat Base: 18.0  Cool Base: 24.0  Method: Integration