Brisbane, Queensland, Australia, Latitude 27°S 23' 52", Longitude 152° E 55' 35", Elevation 76 m

Sun 9 Aug 2020 12:50:02 am: Temperature: 14.1 °C, Humidity: 69 %, Wind speed: 0 km/h, Wind Gust: 0 km/h, Rain today: 0.0 mm, MSLP: 1013.72 hPa

Website under continual development from 10 years of weather data. Please contact us if you find issues or like to provide feedback.

NOAA Style Reports

This page shows monthly and annual NOAA style reports since 2009.

Tables are updated at midnight each day.


Report for 2020 Jan
                   Monthly Climatological Summary for Jan 2020

Name: Ferny Grove   City: Brisbane   State: Queensland
Elevation: 76 m  Lat: S 27 23 52   Lon: E 152 55 35

                  Temperature (°C), Rain (mm), Wind Speed (km/h)

                                      Heat  Cool        Avg
    Mean                              Deg   Deg         Wind                 Dom
Day Temp  High   Time   Low    Time   Days  Days  Rain  Speed High   Time    Dir
----------------------------------------------------------------------------------
01  25.8  32.2 12:41pm  19.8  5:14am   0.0   2.8   0.0   6.4  27.0  2:28pm   ENE
02  25.6  32.3 11:47am  19.6  5:07am   0.0   2.7   0.0   5.1  27.0  3:52pm   ENE
03  25.8  32.6  1:39pm  19.9  5:12am   0.0   2.8   0.0   5.2  23.0 12:08pm   ENE
04  25.6  32.8  1:31pm  18.6  4:38am   0.0   3.0   0.0   6.8  29.0  7:59pm   ENE
05  26.0  33.9 11:54am  19.1  5:26am   0.0   3.0   0.0   6.7  29.0  5:05pm    NE
06  25.8  31.9  1:12pm  20.5  4:13am   0.0   2.5   0.0   5.7  27.0  2:46pm   ENE
07  25.9  32.1  1:44pm  21.1  4:07am   0.0   2.6   0.0   4.8  29.0  1:57pm   ENE
08  26.8  33.6 12:20pm  21.6  5:37am   0.0   3.3   0.0   5.3  29.0  4:17pm   ENE
09  26.6  33.3 12:24pm  20.7  5:15am   0.0   3.2   0.0   5.7  31.0  4:01pm   ENE
10  27.1  33.6 12:43pm  22.1  5:24am   0.0   3.3   0.0   7.9  33.0 12:17pm    NE
11  26.9  34.7 11:38am  22.7  5:33am   0.0   3.1   6.0   6.0  23.0  3:01pm   ENE
12  24.4  29.1 10:43am  22.2 11:53pm   0.0   0.9   0.4   5.9  35.0 12:46pm   SSE
13  25.0  29.3  3:38pm  21.7 11:56pm   0.0   2.3   0.0   7.1  31.0  1:01pm   SSE
14  25.1  30.8 11:55am  20.3  5:26am   0.0   2.0   0.0   5.3  31.0 12:27pm   SSE
15  25.3  30.3  1:47pm  21.7  2:55am   0.0   1.9  11.0   5.0  25.0  3:11pm   ESE
16  23.8  27.4 11:52am  21.4  4:47am   0.0   0.6   5.0   3.2  25.0 12:14pm    NE
17  25.3  30.4 12:43pm  21.9  1:13am   0.0   1.9  46.0   5.9  33.0  2:39pm   ENE
18  23.4  27.7 11:22am  19.8  5:20am   0.0   0.9  50.0   3.3  21.0  3:24pm   SSE
19  24.7  31.1 10:40am  21.9  5:07am   0.0   1.3  28.0   3.4  42.0  2:04pm    NE
20  27.4  34.7 12:21pm  24.1  8:29pm   0.0   3.4   4.6   7.1  29.0  2:01pm    NE
21  27.9  35.3 11:47am  24.0 11:54pm   0.0   3.9   5.2   5.5  27.0  3:04pm    NE
22  28.0  35.4 12:41pm  21.4  5:19am   0.0   4.5   0.6   6.0  35.0  3:33pm   ENE
23  27.2  31.3 10:59am  23.9 11:55am   0.0   3.2   6.8   7.3  42.0 11:35am   NNE
24  28.0  34.1 12:21pm  24.3  5:17am   0.0   4.0   0.0   6.5  23.0 10:02am    NE
25  26.7  32.0 11:47am  24.1 11:58pm   0.0   2.7   1.4   4.8  27.0  1:41pm   ENE
26  26.1  31.3 12:53pm  21.9  5:20am   0.0   2.4   2.4   5.0  29.0  7:02am   ENE
27  26.7  31.8  1:29pm  22.9  4:18am   0.0   2.8   0.2   4.4  23.0  1:05pm     E
28  26.5  32.3  2:00pm  22.8  5:00am   0.0   2.7   3.0   5.1  23.0  1:36pm   ENE
29  28.5  35.4 12:56pm  23.7  5:16am   0.0   4.5   0.0   5.5  29.0  2:35pm    NE
30  27.5  32.5  1:13pm  23.4  5:25am   0.0   3.6   0.0   3.8  23.0  3:34pm     E
31  26.0  31.9 12:00pm  21.5  5:48am   0.0   2.5   0.0   3.9  23.0  3:35pm     E
----------------------------------------------------------------------------------
    26.2  35.4    22    18.6     4     0.0  84.3 170.6   5.5  42.0    19     ENE

Max >=  30.0 27
Max <=  25.0  0
Min <=  10.0  0
Min <=   5.0  0
Max Rain: 50.0 on day 18
Days of Rain: 15 (>= 0.2 mm)  11 (>= 2.0 mm)  3 (>= 20.0 mm)
Heat Base: 18.0  Cool Base: 24.0  Method: Integration