Brisbane, Queensland, Australia, Latitude 27°S 23' 52", Longitude 152° E 55' 35", Elevation 76 m

Tue 7 Jul 2020 12:55:04 pm: Temperature: 22.3 °C, Humidity: 39 %, Wind speed: 5 km/h, Wind Gust: 8 km/h, Rain today: 0.0 mm, MSLP: 1024.89 hPa

Website under continual development from 10 years of weather data. Please contact us if you find issues or like to provide feedback.

NOAA Style Reports

This page shows monthly and annual NOAA style reports since 2009.

Tables are updated at midnight each day.


Report for 2020 Feb
                   Monthly Climatological Summary for Feb 2020

Name: Ferny Grove   City: Brisbane   State: Queensland
Elevation: 76 m  Lat: S 27 23 52   Lon: E 152 55 35

                  Temperature (°C), Rain (mm), Wind Speed (km/h)

                                      Heat  Cool        Avg
    Mean                              Deg   Deg         Wind                 Dom
Day Temp  High   Time   Low    Time   Days  Days  Rain  Speed High   Time    Dir
----------------------------------------------------------------------------------
01  26.5  32.8 12:59pm  21.7  2:49am   0.0   3.0   0.4   5.0  25.0  3:24pm   ENE
02  27.3  35.0  1:11pm  20.1  5:34am   0.0   4.1   0.0   7.1  31.0  5:51pm    NE
03  29.1  37.6 12:38pm  21.8  5:29am   0.0   5.4   4.4   5.8  31.0  3:52pm    NE
04  23.8  26.2 12:00am  20.2 11:16pm   0.0   0.5   6.4   7.7  31.0  2:43pm     S
05  21.9  23.9  3:13pm  20.2 11:58pm   0.0   0.0   0.8   6.2  27.0  2:02pm     S
06  21.0  23.8 12:39pm  19.6  6:00am   0.0   0.0  99.2   3.7  19.0 10:13am   SSW
07  24.1  29.4  2:31pm  20.4 12:00am   0.0   1.2  10.2   3.6  23.0  2:12pm     E
08  24.5  30.3  1:09pm  22.2  3:17am   0.0   1.2  26.0   2.9  31.0  2:14pm    SE
09  23.7  26.9  1:58pm  22.2  2:58am   0.0   0.5  38.2   2.2  15.0  1:49pm    NE
10  24.6  30.1  2:55pm  21.3  5:56am   0.0   1.6  31.0   3.9  23.0  1:51pm     E
11  24.4  30.4  2:47pm  21.1  4:25am   0.0   1.2  11.0   1.7  29.0  3:42pm   NNE
12  23.3  26.9 11:51am  21.3  5:20am   0.0   0.3  29.8   1.9  23.0 11:13am     E
13  22.9  25.3 12:03pm  21.4  5:23am   0.0   0.2  35.4   3.5  19.0 12:41pm   SSW
14  25.3  30.6 12:20pm  20.9  4:55am   0.0   2.2   0.2   3.5  19.0  3:16pm   ENE
15  26.4  32.4 10:54am  21.4  5:27am   0.0   3.0  10.2   3.7  23.0  4:20pm    NE
16  27.3  33.8 12:03pm  22.3  5:46am   0.0   3.5   0.0   3.7  27.0  1:29pm   ESE
17  26.8  33.1  1:11pm  21.8  5:49am   0.0   3.2   0.0   3.7  21.0  1:16pm   ESE
18  27.2  33.1  1:26pm  21.8  5:37am   0.0   3.6   0.0   4.1  21.0  5:28pm   ENE
19  27.9  35.4  3:16pm  22.1 11:30pm   0.0   4.1  11.4   5.7  29.0 10:36pm   NNE
20  26.7  34.8  1:08pm  19.8  5:46am   0.0   3.4   0.0   4.0  21.0  1:07pm     E
21  25.6  30.7 10:28am  20.9  5:29am   0.0   2.2   0.0   4.1  29.0 12:48pm   ESE
22  24.4  29.3 11:10am  20.7  4:53am   0.0   1.1   0.0   5.8  33.0 11:49am    SE
23  22.6  25.4 11:51am  19.9  5:10am   0.0   0.2   5.4   4.4  21.0  1:52pm     S
24  22.8  27.7  2:41pm  20.3  5:48am   0.0   0.5   3.0   3.5  23.0  4:19pm     S
25  24.2  29.0 10:22am  19.9  5:06am   0.0   1.4   0.4   3.8  23.0 10:36am   SSE
26  26.0  31.8 12:39pm  20.6  6:03am   0.0   2.7   0.0   2.9  19.0  4:06pm   ENE
27  25.3  31.8 11:46am  21.7 11:54pm   0.0   1.7   1.0   2.5  27.0  2:57pm     E
28  25.8  33.8 12:55pm  19.8  5:53am   0.0   2.9   0.6   2.9  21.0  3:04pm   ESE
29  25.7  30.6 12:57pm  22.3 11:58pm   0.0   2.0   0.2   4.6  21.0 10:47am     S
----------------------------------------------------------------------------------
    25.1  37.6     3    19.6     6     0.0  56.9 325.2   4.1  33.0    22     ESE

Max >=  30.0 18
Max <=  25.0  2
Min <=  10.0  0
Min <=   5.0  0
Max Rain: 99.2 on day 6
Days of Rain: 21 (>= 0.2 mm)  14 (>= 2.0 mm)  6 (>= 20.0 mm)
Heat Base: 18.0  Cool Base: 24.0  Method: Integration