Brisbane, Queensland, Australia, Latitude 27°S 23' 52", Longitude 152° E 55' 35", Elevation 76 m

Wed 22 Sep 2021 12:30:03 am: Temperature: 11.7 °C, Humidity: 42 %, Wind speed: 6 km/h, Wind Gust: 14 km/h, Rain today: 0.0 mm, MSLP: 1018.2 hPa

Website under continual development from 11 years of weather data. Please contact us if you find issues or like to provide feedback.

NOAA Style Reports

This page shows monthly and annual NOAA style reports since 2009.

Tables are updated at midnight each day.


Report for 2020 Apr
                   Monthly Climatological Summary for Apr 2020

Name: Ferny Grove   City: Brisbane   State: Queensland
Elevation: 76 m  Lat: S 27 23 52   Lon: E 152 55 35

                  Temperature (°C), Rain (mm), Wind Speed (km/h)

                                      Heat  Cool        Avg
    Mean                              Deg   Deg         Wind                 Dom
Day Temp  High   Time   Low    Time   Days  Days  Rain  Speed High   Time    Dir
----------------------------------------------------------------------------------
01  23.5  30.3  1:34pm  17.8  6:17am   0.0   1.6   0.0   3.0  21.0  2:21pm   SSE
02  23.3  30.0 11:58am  18.5  6:08am   0.0   1.4   0.0   2.4  19.0  1:34pm     E
03  24.2  31.6 12:57pm  18.5  5:28am   0.0   1.8   0.0   4.2  21.0  9:39am    NE
04  24.9  30.3 11:06am  20.6  6:39am   0.0   1.9   1.0   3.2  27.0 10:44am   NNW
05  22.8  30.9  2:04pm  17.2 11:56pm   0.0   1.5   0.2   2.9  25.0 11:56am    SW
06  21.5  29.6  2:17pm  15.1  6:16am   0.6   1.1   0.0   2.4  21.0  3:50pm    SE
07  22.5  29.7  2:39pm  16.7  5:23am   0.1   1.1   0.4   3.7  23.0 12:12pm     S
08  21.8  26.9 12:11pm  18.4  3:56am   0.0   0.2   0.4   3.6  21.0  7:42am   SSE
09  22.4  27.3 12:06pm  19.6  5:57am   0.0   0.5   0.4   4.2  27.0  2:07pm     S
10  21.2  25.9 11:12am  17.9  5:46am   0.0   0.2   0.4   2.6  17.0 12:09pm    NE
11  23.4  32.4  1:17pm  17.3  6:08am   0.0   2.2   0.0   4.0  37.0  2:21pm   WNW
12  20.8  29.1 12:20pm  14.8 11:57pm   0.6   0.8   0.0   3.3  23.0  1:24pm    SE
13  19.4  26.9  2:56pm  12.9  6:12am   1.4   0.5   0.0   2.6  21.0  3:16pm   ESE
14  20.0  28.1 12:00pm  13.8  5:16am   1.2   0.7   0.0   2.4  23.0  3:05pm    SE
15  20.2  28.1 12:58pm  14.4  6:16am   1.0   0.6   0.0   2.5  17.0  2:05pm    SE
16  21.4  29.3 12:26pm  13.8  6:22am   1.0   1.1   0.0   3.6  23.0 11:32am    NE
17  24.0  34.2  3:19pm  14.8  6:15am   0.6   2.9   0.0   2.8  23.0 12:36pm     N
18  21.4  27.6 11:38am  16.3 11:56pm   0.2   0.5   0.0   1.5  27.0  1:03pm   WNW
19  18.6  24.7  3:12pm  14.8  4:28am   1.0   0.0   4.4   1.2  17.0 11:09am     N
20  19.7  29.3  1:48pm  12.3  6:25am   1.7   1.1   0.4   2.0  21.0 11:42am    NW
21  20.3  29.4  1:07pm  11.9  6:03am   1.6   1.1   0.0   1.9  19.0  1:46pm     E
22  22.7  32.5  2:14pm  16.2  6:19am   0.2   2.0   0.0   2.1  21.0  1:09pm   SSE
23  20.9  29.3  1:20pm  15.3  6:30am   0.7   0.9   0.0   2.3  19.0  1:20pm     E
24  21.0  30.2  1:44pm  14.7  5:26am   0.8   1.1   0.0   2.1  17.0 10:03am    NE
25  20.6  28.8  1:00pm  14.8  6:38am   0.8   0.9   0.0   2.3  21.0  2:09pm    SE
26  20.7  29.1 12:43pm  14.3  6:20am   0.9   1.0   0.0   2.8  21.0  2:05pm    NE
27  20.8  29.1 11:58am  14.3  6:22am   0.8   0.9   0.0   1.9  17.0  1:53pm   ESE
28  21.2  25.8  2:39pm  18.4  6:09am   0.0   0.1   3.0   2.8  23.0  2:42pm   SSE
29  20.8  27.9 12:46pm  16.2  6:17am   0.3   0.5   0.0   2.1  19.0 12:25pm     E
30  21.5  30.0  1:59pm  15.4  5:46am   0.7   1.3   0.0   6.5  37.0  8:54pm     N
----------------------------------------------------------------------------------
    21.6  34.2    17    11.9    21    16.2  31.5  10.6   2.8  37.0    11       E

Max >=  30.0 10
Max <=  25.0  1
Min <=  10.0  0
Min <=   5.0  0
Max Rain: 4.4 on day 19
Days of Rain: 9 (>= 0.2 mm)  2 (>= 2.0 mm)  0 (>= 20.0 mm)
Heat Base: 18.0  Cool Base: 24.0  Method: Integration