NOAA Style Reports

This page shows monthly and annual NOAA style reports since 2009.

Tables are updated at midnight each day.


Report for 2020 Aug
                   Monthly Climatological Summary for Aug 2020

Name: Ferny Grove   City: Brisbane   State: Queensland
Elevation: 76 m  Lat: S 27° 23' 52"   Lon: E 152° 55' 35"

                  Temperature (°C), Rain (mm), Wind Speed (km/h)

                                      Heat  Cool        Avg
    Mean                              Deg   Deg         Wind                 Dom
Day Temp  High   Time   Low    Time   Days  Days  Rain  Speed High   Time    Dir
----------------------------------------------------------------------------------
01  15.5  23.1  1:47pm  10.9 11:43pm   3.3   0.0   0.0   2.9  23.0 11:42am   SSW
02  14.9  23.6  2:50pm   8.0  5:42am   4.3   0.0   0.2   1.5  15.0 10:56am    SE
03  15.4  23.7  2:43pm   9.7  6:47am   3.7   0.0   0.0   1.9  19.0  3:12pm   ESE
04  15.9  24.8  2:23pm   9.9 11:58pm   3.3   0.0   0.2   2.0  27.0  2:07pm     N
05  15.9  27.7  1:40pm   6.9  6:38am   4.5   0.5   0.0   2.0  27.0  1:19pm   NNW
06  15.7  26.3  1:30pm   7.1  6:01am   4.1   0.2   0.0   1.7  15.0 12:29pm     E
07  17.0  22.4 11:00am  14.5 12:53am   1.6   0.0  14.0   2.6  44.0 12:27pm   ENE
08  18.4  24.5  2:08pm  14.3  6:36am   1.2   0.0   0.0   4.8  27.0 11:29pm   WNW
09  14.3  19.7  1:31pm   8.3  6:50am   3.8   0.0   0.0   7.1  41.0 12:37pm   WNW
10  13.9  18.6  1:06pm   9.9  2:50am   4.1   0.0   0.0  10.5  39.0  1:23pm   WNW
11  15.6  23.3  1:30pm  10.1  5:43am   3.4   0.0   0.0   2.9  21.0  8:49am   SSW
12  16.1  23.4  1:24pm  10.4  5:59am   3.1   0.0   0.0   2.7  23.0  1:41pm   ENE
13  17.5  27.6  1:44pm  11.2  6:09am   2.5   0.3   0.0   1.6  19.0  2:47pm    NE
14  18.7  25.2 12:58pm  13.0  1:45am   1.3   0.0   0.0   4.0  23.0  4:34pm    NE
15  18.6  25.0 11:25am  15.1  8:23pm   0.7   0.0   1.6   5.9  35.0  9:54pm    NW
16  17.2  22.8  1:20pm  13.0  5:44am   1.8   0.0   0.0   8.7  35.0 11:41am   WNW
17  15.8  22.8  2:24pm   9.8  5:57am   3.2   0.0   0.0   5.8  31.0 10:05am   WNW
18  15.5  25.3  1:03pm   6.6  6:23am   4.0   0.1   0.0   2.4  25.0 12:37pm   NNW
19  18.7  27.9  1:40pm  10.6  1:49am   2.5   0.7   0.0   6.0  42.0 11:13am    NW
20  18.7  24.5 12:47pm  13.6 11:54pm   0.8   0.0   0.0   8.0  42.0  2:11pm   WNW
21  16.7  24.4  2:14pm  10.8 11:52pm   2.7   0.0   0.0   5.9  39.0  4:05pm   WNW
22  16.9  23.1  1:27pm  10.3  3:23am   2.2   0.0   0.0   8.8  48.0 12:31pm   WNW
23  14.9  21.1  1:56pm   8.1  6:30am   3.6   0.0   0.0   8.0  41.0  2:02pm   WNW
24  15.2  23.2  2:39pm   7.9 11:56pm   3.8   0.0   0.0   6.1  27.0  9:19am     W
25  13.1  24.0  2:12pm   4.2  6:16am   5.9   0.0   0.0   1.9  17.0 11:42am   ESE
26  13.2  22.2  1:34pm   5.5  4:53am   5.3   0.0   0.0   2.7  25.0  1:43pm   ESE
27  14.4  23.2 12:03pm   8.1  6:29am   4.4   0.0   0.0   2.1  19.0 12:50pm     E
28  16.2  26.7  2:27pm   7.2  6:14am   4.1   0.3   0.0   3.2  31.0 11:52am     W
29  16.6  23.0  2:17pm  12.0 10:45pm   2.5   0.0   0.0   3.1  23.0  1:02pm    SE
30  16.0  22.9 12:45pm  10.8 11:52pm   2.8   0.0   0.0   2.1  21.0  2:03pm    SE
31  17.3  27.4  1:51pm   8.2  6:01am   3.3   0.5   0.0   2.8  25.0  1:17pm    NW
----------------------------------------------------------------------------------
    16.1  27.9    19     4.2    25    97.8   2.6  16.0   4.3  48.0    22     WNW

Max >=  30.0  0
Max <=  25.0 23
Min <=  10.0 16
Min <=   5.0  1
Max Rain: 14.0 on day 7
Days of Rain: 4 (>= 0.2 mm)  1 (>= 2.0 mm)  0 (>= 20.0 mm)
Heat Base: 18.0  Cool Base: 24.0  Method: Integration