Brisbane, Queensland, Australia, Latitude 27°S 23' 52", Longitude 152° E 55' 35", Elevation 76 m

Wed 22 Sep 2021 12:45:03 am: Temperature: 11.7 °C, Humidity: 42 %, Wind speed: 4 km/h, Wind Gust: 10 km/h, Rain today: 0.0 mm, MSLP: 1018.2 hPa

Website under continual development from 11 years of weather data. Please contact us if you find issues or like to provide feedback.

NOAA Style Reports

This page shows monthly and annual NOAA style reports since 2009.

Tables are updated at midnight each day.


Report for 2020 Sep
                   Monthly Climatological Summary for Sep 2020

Name: Ferny Grove   City: Brisbane   State: Queensland
Elevation: 76 m  Lat: S 27° 23' 52"   Lon: E 152° 55' 35"

                  Temperature (°C), Rain (mm), Wind Speed (km/h)

                                      Heat  Cool        Avg
    Mean                              Deg   Deg         Wind                 Dom
Day Temp  High   Time   Low    Time   Days  Days  Rain  Speed High   Time    Dir
----------------------------------------------------------------------------------
01  17.9  25.7  1:04pm  10.2  4:42am   2.0   0.1   0.0   3.2  25.0  3:09pm   ESE
02  18.4  24.9 12:24pm  12.4  5:47am   1.5   0.0   0.0   3.2  21.0 12:18pm   ENE
03  18.4  25.0  1:17pm  12.7  5:52am   1.5   0.0   0.0   3.2  25.0  1:56pm    NE
04  19.3  26.2 12:43pm  13.9  2:43am   1.0   0.1   0.0   4.9  27.0 11:15am    NE
05  19.5  27.6 12:37pm  12.7  6:11am   1.2   0.4   0.0   4.6  27.0 12:10pm    NE
06  18.2  23.7 11:41am  14.7  6:26am   0.8   0.0   7.0   3.9  29.0  4:29pm   SSE
07  18.9  23.9 12:17pm  15.3  6:13am   0.8   0.0   0.6   6.5  31.0  9:39am   SSE
08  17.4  23.7  1:46pm  11.9  6:03am   2.1   0.0   0.0   3.4  21.0  1:54pm    SE
09  17.2  24.2 12:23pm  12.1  6:05am   2.4   0.0   0.0   2.9  21.0 11:42am     E
10  15.7  20.4 11:51am  11.8 12:31am   2.6   0.0   1.8   3.4  23.0 11:59pm   SSW
11  17.6  22.8 11:59am  13.9 10:59pm   1.6   0.0   0.4   9.3  39.0  1:28pm     S
12  17.4  23.7 12:38pm  12.6  5:55am   2.0   0.0   0.0   6.1  31.0  1:14pm   SSE
13  17.6  24.1 12:03pm  12.8  6:13am   1.8   0.0   0.0   3.4  25.0  3:05pm    SE
14  18.9  27.9 12:20pm  12.8  6:06am   1.8   0.4   0.0   2.8  27.0  4:14pm   ENE
15  18.6  25.8 11:26am  12.1  5:54am   1.7   0.1   0.0   4.2  27.0  2:31pm   ESE
16  18.4  25.4  1:46pm  12.8  4:34am   1.7   0.1   0.0   3.4  25.0  2:42pm   ESE
17  18.8  27.1 12:21pm  11.8  5:38am   2.0   0.4   0.0   3.3  25.0  3:28pm     E
18  19.3  25.7 12:26pm  13.9  4:46am   1.1   0.1   3.6   4.3  25.0  1:02pm   ESE
19  19.2  24.1 10:16am  15.4  6:05am   0.7   0.0   0.4   4.0  29.0  2:19pm   ESE
20  21.0  28.2  1:24pm  15.7 12:42am   0.5   0.6   0.0   3.5  19.0  1:35pm   ENE
21  22.1  29.8 12:18pm  15.1  5:34am   0.5   1.1   0.0   6.6  39.0  2:45pm    NE
22  23.9  32.6  1:08pm  18.4  2:10am   0.0   1.6   0.0   4.5  27.0  2:18pm    NE
23  24.0  31.1  2:52pm  20.6  5:17am   0.0   1.4   0.0   3.3  21.0 12:12pm     N
24  21.5  30.4  1:37pm  14.1 11:59pm   0.5   1.3   0.0   3.3  35.0  2:44pm    NW
25  20.8  28.2 11:29am  11.2  5:28am   1.7   0.9   0.0   7.4  33.0  4:58pm    NE
26  19.4  25.1  1:54pm  14.7 11:59pm   0.7   0.0   0.0  14.0  50.0 11:15am   WNW
27  16.8  26.7  1:55pm   8.0  5:56am   3.1   0.2   0.0   3.8  25.0 10:00am    SW
28  16.3  23.2 12:38pm   9.6  5:10am   2.9   0.0   0.0   4.4  25.0  5:26pm    SE
29  17.1  23.4 12:13pm  10.8 11:59pm   2.2   0.0   0.0   4.3  25.0  2:19pm    SE
30  17.0  24.1 11:37am   8.8  5:07am   2.9   0.0   0.0   4.0  27.0 10:04am   ENE
----------------------------------------------------------------------------------
    18.9  32.6    22     8.0    27    45.3   8.8  13.8   4.6  50.0    26       E

Max >=  30.0  3
Max <=  25.0 14
Min <=  10.0  3
Min <=   5.0  0
Max Rain: 7.0 on day 6
Days of Rain: 6 (>= 0.2 mm)  2 (>= 2.0 mm)  0 (>= 20.0 mm)
Heat Base: 18.0  Cool Base: 24.0  Method: Integration