Brisbane, Queensland, Australia, Latitude 27°S 23' 52", Longitude 152° E 55' 35", Elevation 76 m

Wed 22 Sep 2021 12:25:02 am: Temperature: 11.7 °C, Humidity: 42 %, Wind speed: 7 km/h, Wind Gust: 14 km/h, Rain today: 0.0 mm, MSLP: 1018.5 hPa

Website under continual development from 11 years of weather data. Please contact us if you find issues or like to provide feedback.

NOAA Style Reports

This page shows monthly and annual NOAA style reports since 2009.

Tables are updated at midnight each day.


Report for 2020 Oct
                   Monthly Climatological Summary for Oct 2020

Name: Ferny Grove   City: Brisbane   State: Queensland
Elevation: 76 m  Lat: S 27° 23' 52"   Lon: E 152° 55' 35"

                  Temperature (°C), Rain (mm), Wind Speed (km/h)

                                      Heat  Cool        Avg
    Mean                              Deg   Deg         Wind                 Dom
Day Temp  High   Time   Low    Time   Days  Days  Rain  Speed High   Time    Dir
----------------------------------------------------------------------------------
01  19.2  27.7 11:21am  11.8  5:14am   1.7   0.6   1.2   4.6  27.0  2:02pm    NE
02  21.0  28.8 11:35am  12.9  5:20am   1.2   1.0   0.2   3.3  29.0  1:09pm   ESE
03  20.5  27.7 12:28pm  14.3 11:58pm   0.7   0.5   0.0   4.6  29.0 11:17am   ESE
04  19.2  26.3  1:06pm  12.8  3:23am   1.5   0.2   0.0   4.1  23.0  9:51am     E
05  19.9  26.9  1:18pm  13.0  5:34am   1.3   0.5   0.0   3.8  25.0  9:31am     E
06  19.8  27.2 12:55pm  13.9  5:36am   1.2   0.4   0.0   3.1  23.0  2:52pm     E
07  19.7  26.5 12:49pm  13.3  4:42am   1.3   0.3   0.0   3.6  27.0  9:40am     E
08  20.4  28.3 12:08pm  13.4  5:26am   1.1   0.6   0.0   5.2  29.0  1:27pm    NE
09  21.8  31.3 11:05am  14.0  5:24am   0.8   1.5   0.0   3.6  27.0  1:40pm   ENE
10  20.1  28.1 12:18pm  11.6  4:15am   1.4   0.6   0.0   4.1  29.0 12:50pm   ESE
11  20.6  27.3  1:14pm  14.4  3:32am   0.8   0.6   0.0   3.9  23.0 12:17pm     E
12  20.5  27.0  1:27pm  16.4  2:45am   0.4   0.2   0.0   3.4  27.0  1:23pm   ESE
13  19.9  26.7 11:10am  14.1  5:17am   0.9   0.2   0.0   4.3  27.0  4:11pm    SE
14  18.1  23.8 11:31am  14.0 11:56pm   1.1   0.0   5.2   4.0  31.0  1:24pm   SSE
15  19.2  26.6  1:25pm  12.3  5:18am   1.7   0.3   0.0   3.5  23.0  2:46pm    SE
16  20.7  29.1 12:10pm  12.4  5:06am   1.4   1.2   0.0   4.0  25.0  5:03pm   ENE
17  21.2  28.8 12:34pm  14.8  5:10am   0.7   0.8   0.0   6.2  27.0  1:55pm    NE
18  22.0  29.9 12:20pm  13.4  5:15am   0.8   1.3   0.0   6.9  31.0  1:54pm    NE
19  22.2  29.7  2:32pm  15.9  5:17am   0.3   1.1   2.2   5.6  29.0 10:03am     W
20  21.1  26.8  2:35pm  16.2 11:55pm   0.2   0.3   0.0   5.2  25.0 12:33pm    SE
21  19.7  26.2 11:14am  13.8  5:16am   0.8   0.2   0.8   3.0  19.0 10:39am   ENE
22  20.0  24.2 11:17am  17.1  2:30am   0.1   0.0   8.6   2.1  27.0  2:38am    NE
23  22.0  27.6 12:57pm  17.6  1:27am   0.0   0.5   0.0   4.7  25.0  4:44pm    NE
24  21.4  26.4 12:08pm  18.7 11:57pm   0.0   0.2  20.4   4.0  21.0  8:35am   NNE
25  21.3  29.2 11:13am  17.3  2:02am   0.1   0.5  25.6   2.3  39.0  2:13pm   ENE
26  22.3  29.9  1:25pm  18.6  5:07am   0.0   0.8   1.2   2.3  23.0  2:55pm   ESE
27  20.6  24.2 10:50am  17.8 10:12pm   0.0   0.0  19.6   2.9  23.0  1:49pm   SSE
28  19.9  27.3  1:24pm  16.7 11:21pm   0.3   0.3  33.4   3.1  62.0  3:01pm    NE
29  21.4  30.7  1:03pm  15.4 11:58pm   0.6   1.1   1.6   3.1  23.0  3:12pm   NNE
30  22.6  30.5  1:47pm  12.8  2:31am   0.9   1.8   0.0   5.2  31.0  3:46pm    NE
31  23.6  32.6 12:08pm  17.7 11:58pm   0.0   1.7   0.0   7.2  39.0  6:08pm   NNE
----------------------------------------------------------------------------------
    20.7  32.6    31    11.6    10    23.3  19.3 120.0   4.1  62.0    28     ENE

Max >=  30.0  4
Max <=  25.0  3
Min <=  10.0  0
Min <=   5.0  0
Max Rain: 33.4 on day 28
Days of Rain: 12 (>= 0.2 mm)  7 (>= 2.0 mm)  3 (>= 20.0 mm)
Heat Base: 18.0  Cool Base: 24.0  Method: Integration