Brisbane, Queensland, Australia, Latitude 27°S 23' 52", Longitude 152° E 55' 35", Elevation 76 m

Wed 22 Sep 2021 12:30:03 am: Temperature: 11.7 °C, Humidity: 42 %, Wind speed: 6 km/h, Wind Gust: 14 km/h, Rain today: 0.0 mm, MSLP: 1018.2 hPa

Website under continual development from 11 years of weather data. Please contact us if you find issues or like to provide feedback.

NOAA Style Reports

This page shows monthly and annual NOAA style reports since 2009.

Tables are updated at midnight each day.


Report for 2020 Nov
                   Monthly Climatological Summary for Nov 2020

Name: Ferny Grove   City: Brisbane   State: Queensland
Elevation: 76 m  Lat: S 27° 23' 52"   Lon: E 152° 55' 35"

                  Temperature (°C), Rain (mm), Wind Speed (km/h)

                                      Heat  Cool        Avg
    Mean                              Deg   Deg         Wind                 Dom
Day Temp  High   Time   Low    Time   Days  Days  Rain  Speed High   Time    Dir
----------------------------------------------------------------------------------
01  23.8  32.6  3:09pm  14.2  5:04am   0.6   2.6   0.0   4.9  33.0  2:37pm   WNW
02  22.2  28.1 11:40am  17.1  3:42am   0.1   0.7   0.0   4.0  21.0  1:08pm    SE
03  20.8  28.1 12:36pm  13.9  5:08am   0.7   0.6   0.0   5.0  25.0  2:11pm    SE
04  20.9  28.0 12:33pm  13.6  4:44am   0.8   0.7   0.0   4.1  21.0  1:42pm     E
05  24.2  32.5 12:50pm  15.4  5:02am   0.4   2.5   0.4   4.2  27.0  8:45pm     E
06  21.4  27.7 12:37pm  13.7  5:07am   0.6   0.6   0.0   4.0  25.0  2:55pm    SE
07  21.7  26.6  1:11pm  17.1  4:27am   0.1   0.3   0.0   5.0  25.0  3:40pm   ESE
08  19.8  22.6 11:12am  14.3 11:58pm   0.2   0.0   0.0   5.7  29.0  1:23pm   SSE
09  19.2  24.7 12:59pm  13.8 12:38am   1.0   0.0   0.0   5.1  23.0 11:33am    SE
10  19.6  26.3 12:47pm  12.8  4:45am   1.3   0.2   0.0   3.9  23.0 11:50am   ESE
11  20.6  27.4 12:59pm  13.2  4:52am   1.0   0.7   0.0   4.4  25.0  3:25pm   ENE
12  21.8  28.2 11:42am  16.3  1:57am   0.4   0.8   0.0   5.7  29.0  1:20pm    NE
13  23.0  28.2  3:21pm  18.2  5:21am   0.0   0.8   0.0   6.2  29.0  3:47pm   NNE
14  24.9  33.1 11:58am  16.2  4:55am   0.2   3.0   0.0   3.3  25.0  3:56pm   ENE
15  25.0  31.3 12:08pm  19.2  4:41am   0.0   2.2   0.0   4.4  23.0 11:59am     E
16  25.8  31.8 12:44pm  21.4  1:28am   0.0   2.5   0.0   4.5  29.0  2:16pm    NE
17  25.1  35.3 10:24am  20.4  4:52am   0.0   2.1   4.0   4.4  21.0  7:06pm   ESE
18  23.6  27.9 10:30am  20.4 11:54pm   0.0   0.9   0.0   6.9  31.0 10:31am   SSE
19  22.8  28.3 12:41pm  16.9 11:57pm   0.0   0.8   0.0   5.8  27.0  2:26pm    SE
20  22.4  29.8 12:29pm  15.5  4:58am   0.5   1.4   0.0   4.3  25.0  1:20pm     E
21  23.5  30.7 11:58am  16.7  4:58am   0.2   1.9   0.0   4.2  21.0  2:31pm     E
22  23.5  30.8 12:27pm  16.7  5:10am   0.1   1.8   0.0   5.1  29.0  3:41pm    NE
23  25.0  33.8 12:13pm  16.9  5:05am   0.0   2.9   0.0   5.7  29.0  2:47pm    NE
24  25.3  32.3 11:15am  21.1 12:15am   0.0   2.1   0.0   7.0  35.0  5:42pm   ESE
25  23.3  27.4  1:49pm  19.6 11:58pm   0.0   0.4   0.0   5.0  23.0  1:37pm    SE
26  23.9  30.8 12:09pm  17.6  3:43am   0.0   1.9   0.0   4.8  25.0  2:12pm   ENE
27  23.4  29.5  1:17pm  18.0 11:52pm   0.0   1.4   0.0   3.8  27.0  3:44pm     E
28  23.5  31.3 12:33pm  15.6  5:05am   0.3   2.0   0.0   6.1  25.0  3:13pm    NE
29  25.4  34.5 11:59am  16.4  5:09am   0.2   3.2   0.0   4.8  31.0  1:04pm    NE
30  24.9  30.8 11:22am  19.1  4:27am   0.0   2.0   0.0   5.6  25.0 12:26pm   ESE
----------------------------------------------------------------------------------
    23.0  35.3    17    12.8    10     8.7  43.0   4.4   4.9  35.0    24       E

Max >=  30.0 14
Max <=  25.0  2
Min <=  10.0  0
Min <=   5.0  0
Max Rain: 4.0 on day 17
Days of Rain: 2 (>= 0.2 mm)  1 (>= 2.0 mm)  0 (>= 20.0 mm)
Heat Base: 18.0  Cool Base: 24.0  Method: Integration