Brisbane, Queensland, Australia, Latitude 27°S 23' 52", Longitude 152° E 55' 35", Elevation 76 m

Tue 26 Oct 2021 7:00:03 pm: Temperature: 22.2 °C, Humidity: 81 %, Wind speed: 3 km/h, Wind Gust: 8 km/h, Rain today: 0.0 mm, MSLP: 1016.8 hPa

Website under continual development from 11 years of weather data. Please contact us if you find issues or like to provide feedback.

NOAA Style Reports

This page shows monthly and annual NOAA style reports since 2009.

Tables are updated at midnight each day.


Report for 2020 Dec
                   Monthly Climatological Summary for Dec 2020

Name: Ferny Grove   City: Brisbane   State: Queensland
Elevation: 76 m  Lat: S 27° 23' 52"   Lon: E 152° 55' 34"

                  Temperature (°C), Rain (mm), Wind Speed (km/h)

                                      Heat  Cool        Avg
    Mean                              Deg   Deg         Wind                 Dom
Day Temp  High   Time   Low    Time   Days  Days  Rain  Speed High   Time    Dir
----------------------------------------------------------------------------------
01  26.7  33.8  1:50pm  22.8  4:20am   0.0   3.0   0.0   5.7  29.0 12:45pm   ENE
02  27.3  33.3 11:26am  21.3  5:02am   0.0   3.6   0.0   5.6  33.0  2:29pm   ENE
03  26.7  31.7  2:25pm  22.6 11:53pm   0.0   2.8   0.0   5.0  23.0  9:37am     E
04  27.3  34.2 12:08pm  22.1 12:52am   0.0   3.7   0.0   5.7  27.0  5:05pm    NE
05  27.1  34.4  1:42pm  20.8  4:56am   0.0   3.6   0.0   6.2  37.0  3:32pm   ENE
06  28.6  35.9 11:38am  21.0  5:08am   0.0   5.1   0.0   5.3  27.0  8:59am   ENE
07  27.0  35.2  1:16pm  22.6  8:42pm   0.0   3.3   9.2   4.5  35.0  2:16pm     N
08  25.4  32.5  2:45pm  21.3  4:30am   0.0   2.2   0.0   5.8  33.0  2:15pm   WNW
09  23.5  28.5  2:35pm  19.2  4:58am   0.0   1.0   0.0   4.9  23.0  3:24pm     E
10  24.2  30.5 12:33pm  18.8 12:37am   0.0   1.8   0.0   5.5  29.0  2:28pm   ENE
11  21.5  26.4 11:20am  18.0 11:55pm   0.0   0.2   2.0   4.1  29.0  3:45pm     S
12  19.4  25.2  3:07pm  16.6  5:02am   0.3   0.1  19.2   7.2  33.0  5:44pm   SSW
13  18.9  20.9  9:31am  17.8  8:09pm   0.0   0.0  41.4   8.0  31.0 10:08am   SSW
14  21.5  23.8  5:00pm  18.6 12:00am   0.0   0.0  37.4   6.0  50.0  5:16am   SSE
15  24.5  30.2  1:53pm  20.8  4:39am   0.0   1.5   3.8   1.9  25.0  1:01pm    NE
16  25.0  30.4  1:23pm  21.3  2:13am   0.0   1.6   1.8   2.9  25.0  5:12pm     E
17  24.8  29.0 10:28am  22.2  5:23am   0.0   1.2   6.4   5.2  29.0  2:02pm    NE
18  26.4  30.6  2:24pm  22.9  4:35am   0.0   2.6   0.6   5.8  29.0  3:33pm    NE
19  26.5  31.3  1:52pm  22.6  5:23am   0.0   2.6   0.0   6.2  25.0  5:01pm    NE
20  26.7  32.9 11:56am  22.6  5:37am   0.0   2.9   2.8   5.9  29.0  3:56pm    NE
21  26.3  31.6  2:00pm  22.1  5:05am   0.0   2.6   0.0   5.8  27.0  4:03pm   NNE
22  26.7  34.2  1:43pm  21.4  5:11am   0.0   3.1   1.6   4.5  29.0 10:34am    NW
23  26.2  33.3  1:08pm  21.4 11:59pm   0.0   2.5   0.0   6.8  27.0  5:19pm   SSE
24  23.3  27.4  1:23pm  18.6  4:06am   0.0   0.8   0.0   2.9  21.0  8:26am   ESE
25  23.8  29.1  1:32pm  19.1 11:59pm   0.0   1.2   0.0   2.9  21.0 12:11pm   ENE
26  23.2  29.2 11:52am  17.8  5:00am   0.0   1.1   0.0   3.9  27.0  2:31pm     E
27  23.5  29.6  1:35pm  16.6  4:46am   0.2   1.7   0.0   4.3  25.0  1:31pm    NE
28  24.9  31.2  1:08pm  18.1  5:08am   0.0   2.4   0.0   5.4  27.0  2:58pm   NNE
29  25.2  30.4  1:33pm  19.4  4:54am   0.0   2.3   0.0   4.3  21.0 12:30pm   NNE
30  24.0  25.6  9:58am  21.4 11:49pm   0.0   0.4   0.0   1.8  19.0 11:11am    NE
31  24.7  30.1  3:41pm  20.4  5:06am   0.0   1.7   1.6   5.9  27.0 12:31pm   ESE
----------------------------------------------------------------------------------
    24.9  35.9     6    16.6    12     0.5  62.6 127.8   5.0  50.0    14     ENE

Max >=  30.0 20
Max <=  25.0  2
Min <=  10.0  0
Min <=   5.0  0
Max Rain: 41.4 on day 13
Days of Rain: 12 (>= 0.2 mm)  8 (>= 2.0 mm)  2 (>= 20.0 mm)
Heat Base: 18.0  Cool Base: 24.0  Method: Integration