Brisbane, Queensland, Australia, Latitude 27°S 23' 52", Longitude 152° E 55' 35", Elevation 76 m

Mon 29 Nov 2021 6:55:03 pm: Temperature: 23.2 °C, Humidity: 79 %, Wind speed: 6 km/h, Wind Gust: 14 km/h, Rain today: 0.0 mm, MSLP: 1016.4 hPa

Website under continual development from 11 years of weather data. Please contact us if you find issues or like to provide feedback.

NOAA Style Reports

This page shows monthly and annual NOAA style reports since 2009.

Tables are updated at midnight each day.


Report for 2021 Jan
                   Monthly Climatological Summary for Jan 2021

Name: Ferny Grove   City: Brisbane   State: Queensland
Elevation: 76 m  Lat: S 27° 23' 52"   Lon: E 152° 55' 34"

                  Temperature (°C), Rain (mm), Wind Speed (km/h)

                                      Heat  Cool        Avg
    Mean                              Deg   Deg         Wind                 Dom
Day Temp  High   Time   Low    Time   Days  Days  Rain  Speed High   Time    Dir
----------------------------------------------------------------------------------
01  23.3  28.5 11:39am  20.6  4:29am   0.0   0.7   5.8   3.6  27.0  1:03pm   ESE
02  23.9  29.3  2:33pm  19.8  1:39am   0.0   1.1   1.4   2.7  25.0  3:51pm   ENE
03  25.5  30.2  2:21pm  21.9  4:20am   0.0   2.0   0.0   4.0  27.0  3:30pm    NE
04  25.1  30.0  2:09pm  21.7  4:03am   0.0   1.7   0.6   3.4  21.0  5:59pm    NE
05  26.3  34.1 12:10pm  21.6  1:03am   0.0   2.9   0.8   3.4  21.0 12:01pm   NNE
06  26.6  34.2  2:10pm  21.4 11:18pm   0.0   3.3   7.2   3.9  27.0  1:30pm     E
07  23.4  27.8  2:22pm  20.4 11:58pm   0.0   0.8   0.6   5.7  31.0  6:44pm   SSE
08  21.0  22.7 10:01am  18.6 11:57pm   0.0   0.0   4.2   6.0  27.0  3:13am   SSE
09  20.9  24.6 12:17pm  17.8  4:16am   0.0   0.0   3.2   3.9  23.0  2:15pm   SSE
10  22.6  27.3 11:57am  18.8  2:55am   0.0   0.4   1.2   5.9  29.0  3:14pm    SE
11  23.2  28.8 11:21am  19.1  5:14am   0.0   1.0   0.0   6.2  31.0  9:02am   ESE
12  23.0  28.3 10:55am  16.6  4:49am   0.1   1.3   0.0   4.0  27.0  2:35pm   ESE
13  24.2  30.3  1:34pm  17.8  3:40am   0.0   1.9   0.0   4.6  25.0  3:59pm   ESE
14  25.5  31.6  2:02pm  20.7 11:41pm   0.0   2.4   0.0   3.3  23.0  4:37pm   ENE
15  25.8  32.3  2:30pm  18.4  5:23am   0.0   3.1   0.0   6.0  29.0  1:42pm   NNE
16  26.2  36.6 12:57pm  21.7 11:38pm   0.0   2.9  27.8   4.1  31.0 12:57pm   NNE
17  25.2  30.0  1:49pm  21.3  4:27am   0.0   1.9   0.0   3.1  17.0  1:47pm   ENE
18  24.5  30.8 12:26pm  18.9 11:23pm   0.0   1.7  28.0   5.1  35.0  9:29pm   ENE
19  24.3  32.7  2:50pm  19.1 12:00am   0.0   1.9   0.8   2.5  19.0  2:15pm   SSE
20  24.0  27.3 11:34am  20.8 11:12pm   0.0   0.8   0.0   6.2  27.0  1:05pm    SE
21  22.9  26.8  1:17pm  19.4  5:35am   0.0   0.4   0.0   3.1  25.0 12:50pm     E
22  23.1  29.2  2:01pm  16.7  4:17am   0.1   1.4   0.0   3.0  19.0  1:03pm    NE
23  23.8  30.1  2:07pm  17.6  5:02am   0.0   1.8   0.0   3.3  23.0  1:45pm   ENE
24  23.4  30.6  2:12pm  16.8  4:14am   0.1   1.6   0.0   3.7  23.0  5:26pm   ENE
25  23.9  29.4  2:04pm  19.5 11:56pm   0.0   1.2   2.6   3.2  23.0  2:53pm   NNE
26  24.5  31.4  2:50pm  17.3  5:21am   0.1   2.5   0.0   2.7  21.0  4:32pm    NE
27  25.9  31.8  2:16pm  19.6  5:27am   0.0   2.9   0.2   3.1  23.0  1:43pm    NE
28  25.6  30.9  1:52pm  22.3  5:21am   0.0   1.9   1.0   6.2  29.0 11:35am   ESE
29  25.4  30.0 12:50pm  21.5  4:44am   0.0   1.7   0.8   5.5  27.0  1:20pm     E
30  25.5  30.7  1:27pm  20.4  5:34am   0.0   2.2   0.2   4.1  23.0  1:12pm     E
31  24.7  28.6 12:53pm  21.6  3:38am   0.0   1.1   2.8   3.0  23.0  4:11pm     E
----------------------------------------------------------------------------------
    24.3  36.6    16    16.6    12     0.4  50.5  89.2   4.1  35.0    18       E

Max >=  30.0 18
Max <=  25.0  2
Min <=  10.0  0
Min <=   5.0  0
Max Rain: 28.0 on day 18
Days of Rain: 18 (>= 0.2 mm)  8 (>= 2.0 mm)  2 (>= 20.0 mm)
Heat Base: 18.0  Cool Base: 24.0  Method: Integration