Brisbane, Queensland, Australia, Latitude 27°S 23' 52", Longitude 152° E 55' 35", Elevation 76 m

Mon 29 Nov 2021 7:00:03 pm: Temperature: 23.2 °C, Humidity: 80 %, Wind speed: 7 km/h, Wind Gust: 15 km/h, Rain today: 0.0 mm, MSLP: 1016.4 hPa

Website under continual development from 11 years of weather data. Please contact us if you find issues or like to provide feedback.

NOAA Style Reports

This page shows monthly and annual NOAA style reports since 2009.

Tables are updated at midnight each day.


Report for 2021 Feb
                   Monthly Climatological Summary for Feb 2021

Name: Ferny Grove   City: Brisbane   State: Queensland
Elevation: 76 m  Lat: S 27° 23' 52"   Lon: E 152° 55' 34"

                  Temperature (°C), Rain (mm), Wind Speed (km/h)

                                      Heat  Cool        Avg
    Mean                              Deg   Deg         Wind                 Dom
Day Temp  High   Time   Low    Time   Days  Days  Rain  Speed High   Time    Dir
----------------------------------------------------------------------------------
01  24.7  29.4  1:06pm  21.2  5:03am   0.0   1.4   0.8   5.0  27.0 11:25am   ESE
02  21.6  22.8 12:00am  20.5  1:59am   0.0   0.0  38.6   0.7  12.0 12:55am   SSW
03  23.7  29.1  3:36pm  18.9 11:56pm   0.0   1.3   0.2   3.1  27.0  1:44pm   ESE
04  23.8  30.6  1:46pm  17.3  5:38am   0.0   1.9   0.0   3.3  19.0  8:45am     E
05  24.1  30.2 12:21pm  18.7  5:28am   0.0   1.7   0.0   2.9  25.0  1:16pm   ENE
06  25.2  32.3  2:29pm  19.1  2:56am   0.0   2.5   0.0   2.6  19.0  1:07pm    NE
07  27.4  36.1  1:12pm  21.1  5:13am   0.0   4.0   0.0   2.3  25.0  2:13pm    NE
08  25.4  29.3  9:46am  22.9  4:20am   0.0   1.6   0.6   5.6  25.0  5:25pm   ESE
09  24.2  28.7 10:53am  20.2  5:43am   0.0   1.2   0.0   5.3  27.0  2:48pm    SE
10  22.7  28.4  2:32pm  18.1  5:39am   0.0   0.8   0.0   4.2  21.0  7:59am    SE
11  23.0  28.3  1:33pm  17.6  4:14am   0.0   0.8   0.0   3.2  23.0  1:19pm     E
12  24.5  29.9 12:52pm  20.6  4:16am   0.0   1.6   0.0   3.7  27.0  3:33pm   NNE
13  25.3  33.7  1:05pm  18.4  5:32am   0.0   2.6   0.0   4.6  23.0  1:42pm   NNE
14  24.5  29.8  2:05pm  20.9 11:54pm   0.0   1.4   5.2   4.5  29.0  1:39pm   SSE
15  23.7  29.2 12:49pm  19.3 11:55pm   0.0   1.3   0.0   4.2  27.0  3:09pm    SE
16  23.1  29.3 12:28pm  18.8  1:12am   0.0   1.1   2.4   4.7  35.0  4:11pm   SSE
17  22.3  28.2  1:35pm  18.6  5:41am   0.0   0.4   5.0   6.7  39.0  1:42pm   SSE
18  21.9  26.3  4:06pm  19.3  2:59am   0.0   0.2  15.4   4.9  25.0  1:22pm   SSE
19  23.1  29.1  1:37pm  20.3  5:36am   0.0   0.6  10.6   2.3  21.0  2:29pm     S
20  24.4  28.9  1:47pm  20.7  5:05am   0.0   1.5   0.0   1.7  15.0  9:49am     S
21  26.8  35.5  1:06pm  21.2  1:43am   0.0   3.5   0.0  ----  29.0  9:13am   WSW
22  26.8  35.3 12:41pm  20.3  5:42am   0.0   3.6   0.6  ----  23.0  7:09pm    NE
23  25.7  33.1 12:07pm  20.4 11:36pm   0.0   2.7  13.8  ----  25.0  3:56pm   NNE
24  24.2  29.7  1:35pm  19.8  5:19am   0.0   1.5   0.0  ----  27.0  1:18pm   ENE
25  24.6  28.8  2:55pm  22.3  6:02am   0.0   0.9   9.0  ----  21.0 12:20pm   NNE
26  26.3  33.0  1:24pm  21.3  5:54am   0.0   2.8   0.0  ----  19.0  1:54pm   NNE
27  25.6  31.4  1:33pm  21.3  5:20am   0.0   2.3   0.0  ----  15.0  3:41pm    NE
28  26.3  31.6  1:11pm  23.1  5:45am   0.0   2.5   0.0  ----  25.0 12:35pm   NNE
----------------------------------------------------------------------------------
    24.5  36.1     7    17.3     4     0.0  47.7 102.2   3.7  39.0    17     ESE

Max >=  30.0 11
Max <=  25.0  1
Min <=  10.0  0
Min <=   5.0  0
Max Rain: 38.6 on day 2
Days of Rain: 12 (>= 0.2 mm)  8 (>= 2.0 mm)  1 (>= 20.0 mm)
Heat Base: 18.0  Cool Base: 24.0  Method: Integration