Brisbane, Queensland, Australia, Latitude 27°S 23' 52", Longitude 152° E 55' 35", Elevation 76 m

Wed 22 Sep 2021 12:50:03 am: Temperature: 11.7 °C, Humidity: 42 %, Wind speed: 5 km/h, Wind Gust: 17 km/h, Rain today: 0.0 mm, MSLP: 1018.1 hPa

Website under continual development from 11 years of weather data. Please contact us if you find issues or like to provide feedback.

NOAA Style Reports

This page shows monthly and annual NOAA style reports since 2009.

Tables are updated at midnight each day.


Report for 2021 Jun
                   Monthly Climatological Summary for Jun 2021

Name: Ferny Grove   City: Brisbane   State: Queensland
Elevation: 76 m  Lat: S 27° 23' 52"   Lon: E 152° 55' 34"

                  Temperature (°C), Rain (mm), Wind Speed (km/h)

                                      Heat  Cool        Avg
    Mean                              Deg   Deg         Wind                 Dom
Day Temp  High   Time   Low    Time   Days  Days  Rain  Speed High   Time    Dir
----------------------------------------------------------------------------------
01  14.9  23.1 12:56pm   8.2  4:40am   4.2   0.0   0.0   1.1  17.0 11:41am     S
02  16.6  23.2 11:42am  11.0  6:31am   2.7   0.0   0.0   0.7  12.0 12:35pm   ESE
03  16.2  21.8  9:59am  13.5  6:48am   2.1   0.0   5.4   0.9  19.0 11:54pm    NW
04  16.6  22.2  2:07pm  12.0 10:58pm   2.2   0.0   0.2   6.8  29.0 10:09am   WSW
05  14.6  22.4  2:18pm   8.6 11:48pm   4.2   0.0   0.0   2.4  21.0  9:03am   SSW
06  13.1  22.3  2:09pm   5.8  6:19am   5.8   0.0   0.0   0.9  14.0 11:20am     S
07  13.7  22.2  2:19pm   7.3  4:39am   5.0   0.0   0.0   0.9  14.0  9:25am   SSE
08  15.0  21.7  1:18pm   8.2  6:31am   3.5   0.0   0.0   1.6  19.0 10:13pm     N
09  14.8  18.2  1:09pm  10.7 11:51pm   3.2   0.0   1.2   9.8  41.0  9:23am     W
10  11.3  18.8  2:29pm   5.2  7:05am   6.7   0.0   0.0   3.7  27.0  1:10pm    NW
11  11.1  19.7  1:50pm   4.2  3:06am   7.0   0.0   0.0   2.0  21.0  2:06pm    NW
12  13.1  22.3  1:37pm   5.9  6:20am   5.8   0.0   0.0   2.1  21.0  1:03pm   WNW
13  14.2  22.7  1:39pm   7.4  4:25am   4.7   0.0   0.0   3.5  31.0  2:07pm   WSW
14  13.5  22.8  2:36pm   6.2  6:21am   5.3   0.0   0.0   0.7  12.0  2:37pm    NE
15  14.3  21.6  3:05pm  10.3  6:20am   4.2   0.0   6.6   0.0  23.0  9:24am    SW
16  16.1  24.1  2:16pm   8.2  6:48am   3.1   0.0   0.2  ----  19.0 10:39pm     N
17  18.3  24.1 12:37pm  13.8  8:27pm   1.4   0.0   0.0  ----  33.0  2:52pm     W
18  16.3  21.3  1:02pm  13.4 11:16pm   2.3   0.0   0.0  ----  35.0 10:59am   WSW
19  14.4  19.7  2:16pm  11.4  6:52am   3.7   0.0   0.0  ----  46.0  2:42am   WSW
20  15.1  23.2  2:54pm   9.4  6:40am   3.8   0.0   0.0  ----  27.0  9:37am   SSW
21  14.3  22.6  2:03pm   8.8  3:26am   4.6   0.0   0.0  ----  17.0  8:46am   SSW
22  14.2  21.1  2:44pm   8.4  5:49am   4.4   0.0   0.0  ----  21.0 10:51am    SE
23  16.4  22.4 12:45pm  12.3  7:03am   2.4   0.0   0.0  ----  21.0 12:44pm   ESE
24  17.7  23.5  1:00pm  14.4  5:37am   1.3   0.0   0.6  ----  17.0  1:02pm   NNW
25  17.4  18.9  1:43pm  16.3  7:04am   0.7   0.0   4.0  ----  19.0  4:47am   NNW
26  15.5  17.3 12:57pm  11.8 11:57pm   2.5   0.0   0.8  ----  27.0  7:04am   WSW
27  13.6  21.9  2:32pm   8.2  6:58am   5.0   0.0   0.0  ----  19.0 12:08pm   SSE
28  13.8  22.0  1:04pm   7.4  6:44am   4.7   0.0   0.0  ----  23.0  1:05pm   SSE
29  15.6  21.6 12:42pm   9.8  4:12am   2.9   0.0   0.6  ----  25.0 12:49pm   SSE
30  15.3  20.9 11:59am  12.5  9:55pm   3.0   0.0   2.0  ----  23.0 12:06pm   SSW
----------------------------------------------------------------------------------
    14.9  24.1    16     4.2    11   112.4   0.0  21.6   2.6  46.0    19       W

Max >=  30.0  0
Max <=  25.0 30
Min <=  10.0 17
Min <=   5.0  1
Max Rain: 6.6 on day 15
Days of Rain: 10 (>= 0.2 mm)  4 (>= 2.0 mm)  0 (>= 20.0 mm)
Heat Base: 18.0  Cool Base: 24.0  Method: Integration