Brisbane, Queensland, Australia, Latitude 27°S 23' 52", Longitude 152° E 55' 35", Elevation 76 m

Tue 26 Oct 2021 7:25:04 pm: Temperature: 22.4 °C, Humidity: 81 %, Wind speed: 4 km/h, Wind Gust: 12 km/h, Rain today: 0.0 mm, MSLP: 1016.9 hPa

Website under continual development from 11 years of weather data. Please contact us if you find issues or like to provide feedback.

NOAA Style Reports

This page shows monthly and annual NOAA style reports since 2009.

Tables are updated at midnight each day.


Report for 2021 Sep
                   Monthly Climatological Summary for Sep 2021

Name: Ferny Grove   City: Brisbane   State: Queensland
Elevation: 76 m  Lat: S 27° 23' 52"   Lon: E 152° 55' 34"

                  Temperature (°C), Rain (mm), Wind Speed (km/h)

                                      Heat  Cool        Avg
    Mean                              Deg   Deg         Wind                 Dom
Day Temp  High   Time   Low    Time   Days  Days  Rain  Speed High   Time    Dir
----------------------------------------------------------------------------------
01  20.3  27.7  1:19pm  15.9  4:10am   0.4   0.4   0.0   2.2  17.0  3:32pm   ENE
02  18.9  23.1  2:19pm  14.9 11:27pm   0.5   0.0   7.8   3.5  25.0 10:28am     E
03  17.7  24.0  2:03pm  13.9  3:45am   1.6   0.0   2.2   3.2  31.0  5:04pm   ENE
04  17.3  24.4 12:47pm  11.8  6:25am   2.2   0.0   0.0   2.9  27.0  3:12pm   NNE
05  17.5  25.1 11:55am  13.7 11:28pm   1.9   0.0   0.0   5.1  31.0  3:30pm     W
06  15.8  24.3  2:57pm  10.1 11:59pm   3.4   0.0   0.0   3.2  19.0  9:30am    SW
07  15.3  24.2  2:11pm   8.4  3:37am   4.1   0.0   0.0   3.8  27.0 11:04am     S
08  15.2  24.2 12:44pm   6.6  6:06am   4.3   0.0   0.0   2.5  21.0 10:26am   ESE
09  17.1  25.9  1:45pm  10.2  6:24am   2.7   0.1   0.0   2.9  21.0 12:41pm   NNE
10  18.7  31.2  2:16pm   8.9  5:56am   3.0   1.3   0.0   2.1  17.0  9:54am   WSW
11  18.3  27.6 12:46pm   9.7  6:18am   2.3   0.5   0.0   4.1  25.0  2:22pm   NNE
12  18.8  28.0  1:50pm   9.4  5:54am   2.2   0.4   0.0   5.1  29.0  4:05pm     N
13  20.7  31.6 12:21pm  13.3  6:01am   1.1   1.2   0.0   2.0  19.0 10:25am     N
14  16.4  22.9  1:26pm   9.6 11:59pm   2.7   0.0   0.0   7.1  42.0  1:08pm    SW
15  15.7  25.3  2:04pm   7.6  3:10am   3.8   0.0   0.0   4.1  23.0  8:03am     S
16  16.4  24.8  1:53pm   8.4  6:05am   3.1   0.0   0.0   2.8  21.0  2:33pm   ESE
17  16.9  24.6  1:39pm   9.7  6:05am   2.5   0.0   0.0   2.7  23.0  3:20pm    NE
18  18.8  26.7  1:19pm  11.1  6:13am   1.8   0.2   0.0   5.3  29.0  9:16am     N
19  20.6  28.5 12:10pm  14.2  6:07am   0.9   0.9   0.0   2.3  25.0 12:45pm   ENE
20  20.9  28.9 12:18pm  13.4  5:42am   1.1   0.9   0.0   4.4  29.0  1:22pm   NNE
21  19.0  25.4 10:21am  11.7 11:53pm   1.3   0.0   0.0  12.9  50.0  3:05pm   WSW
22  16.2  25.2  1:57pm  10.6  5:47am   3.1   0.0   0.0   5.1  35.0  2:50pm     S
23  17.0  26.6  1:08pm   7.8  5:34am   3.2   0.2   0.0   3.5  21.0  3:50pm    NE
24  18.9  29.3 12:51pm   9.3  5:48am   2.3   0.7   0.0   3.9  27.0  3:06pm     N
25  20.1  31.7 12:27pm  10.8  5:41am   1.9   1.3   0.0   2.0  21.0  1:05pm    NE
26  19.7  25.6 11:45am  15.4  5:53am   0.4   0.1   0.6   6.3  31.0  6:52pm    SE
27  16.4  18.9 12:54pm  14.8 11:13pm   1.6   0.0   0.0   4.0  23.0 11:19am    SE
28  17.3  21.8 12:28pm  11.9 11:56pm   1.6   0.0   0.0   2.3  21.0  2:17pm    NE
29  17.1  22.8 11:56am  11.4  1:09am   1.8   0.0   1.0   4.0  29.0 12:21pm     N
30  20.1  27.9  1:29pm  15.9  5:34am   0.4   0.2  14.8   4.9  37.0 11:29am     N
----------------------------------------------------------------------------------
    18.0  31.7    25     6.6     8    63.2   8.4  26.4   4.0  50.0    21     NNE

Max >=  30.0  3
Max <=  25.0 12
Min <=  10.0 11
Min <=   5.0  0
Max Rain: 14.8 on day 30
Days of Rain: 5 (>= 0.2 mm)  3 (>= 2.0 mm)  0 (>= 20.0 mm)
Heat Base: 18.0  Cool Base: 24.0  Method: Integration