Brisbane, Queensland, Australia, Latitude 27°S 23' 52", Longitude 152° E 55' 35", Elevation 76 m

Mon 5 Dec 2022 11:55:12 am: Temperature: 29.6 °C, Humidity: 52 %, Wind speed: 5 km/h, Wind Gust: 17 km/h, Rain today: 0.0 mm, MSLP: 1009.0 hPa

Website under continual development from 11 years of weather data. Please contact us if you find issues or like to provide feedback.

NOAA Style Reports

This page shows monthly and annual NOAA style reports since 2009.

Tables are updated at midnight each day.


Report for 2021 Nov
                   Monthly Climatological Summary for Nov 2021

Name: Ferny Grove   City: Brisbane   State: Queensland
Elevation: 76 m  Lat: S 27° 23' 52"   Lon: E 152° 55' 34"

                  Temperature (°C), Rain (mm), Wind Speed (km/h)

                                      Heat  Cool        Avg
    Mean                              Deg   Deg         Wind                 Dom
Day Temp  High   Time   Low    Time   Days  Days  Rain  Speed High   Time    Dir
----------------------------------------------------------------------------------
01  19.9  25.3  1:41pm  15.3  5:17am   0.3   0.0   0.0   3.7  23.0 11:45am     E
02  20.2  24.3 12:51pm  17.2 12:37am   0.2   0.0   0.2   3.4  21.0  6:03pm     E
03  19.7  24.3  9:50am  14.6 11:54pm   0.5   0.0   0.2   3.5  23.0 12:23pm   ESE
04  19.3  25.7 11:55am  12.6  3:51am   1.2   0.1   0.0   2.9  21.0  1:35pm   ENE
05  20.1  25.5  1:30pm  15.7  5:07am   0.4   0.0   0.4   3.2  21.0 11:35am     E
06  20.5  25.9 12:51pm  16.2  5:19am   0.3   0.1   0.2   3.5  23.0  3:30pm    NE
07  22.5  26.9 10:53am  18.3  2:40am   0.0   0.6   0.2   5.2  29.0  4:54pm   NNE
08  23.6  32.0  2:07pm  20.1  2:37am   0.0   1.3  11.8   3.9  23.0  6:17am   NNW
09  24.2  29.7  1:56pm  21.1  5:11am   0.0   1.2   0.0   2.5  19.0  1:54pm     E
10  25.1  30.4  1:14pm  22.3  1:35am   0.0   1.5   1.8   5.7  31.0  1:34pm   NNE
11  25.0  30.8  1:23pm  22.0  5:11am   0.0   1.5  15.4   4.0  25.0 10:04am   NNW
12  24.6  29.6  4:06pm  22.3  5:23am   0.0   1.2  12.4   6.8  41.0 10:43pm   NNW
13  22.1  28.1  2:34pm  16.4  5:05am   0.1   0.8   0.0  12.9  50.0 10:06am     W
14  21.2  29.5  2:43pm  11.3  4:59am   1.2   1.3   0.0   6.0  37.0 11:10am     W
15  22.2  31.6  3:16pm  11.7  4:55am   1.3   2.3   0.0   5.8  39.0  2:38pm   WNW
16  21.8  30.5 11:47am  13.6  5:17am   1.0   1.6   0.0   2.3  21.0  2:40pm    NE
17  21.1  26.6  1:07pm  17.9 12:00am   0.0   0.2  17.4   4.5  27.0 11:35am     E
18  20.6  25.6 11:47am  15.9 11:58pm   0.1   0.1   1.2   2.9  21.0 11:05am    NE
19  22.0  28.8 12:06pm  14.2  4:49am   0.8   1.2   0.0   3.6  19.0 11:07am   NNE
20  24.4  32.2 12:32pm  16.6  5:00am   0.1   2.2   0.0   4.0  21.0  1:17pm    NE
21  23.7  27.9  2:17pm  20.4  4:36am   0.0   1.0   0.0   1.9  15.0  6:58pm   ENE
22  21.9  26.2  3:09pm  19.5 10:27am   0.0   0.1  33.6   3.4  25.0  3:02pm   ESE
23  21.6  27.6  2:11pm  18.8  4:21am   0.0   0.3  63.8   4.2  29.0  2:45pm     E
24  23.1  28.3  1:33pm  19.8  3:24am   0.0   0.7   1.2   2.6  19.0 10:54am   ENE
25  22.7  25.8 10:37am  20.5  3:03am   0.0   0.2  13.0   2.4  25.0  1:59pm     N
26  24.5  30.0  1:53pm  21.9  5:11am   0.0   1.2   2.0   3.9  23.0  9:41am   NNE
27  23.6  28.1 12:40pm  20.7  4:52am   0.0   0.7   0.0   1.5  17.0 11:15am   ESE
28  23.2  27.4 10:28am  20.3  4:25am   0.0   0.6   0.0   3.1  23.0  7:34pm   ESE
29  23.0  26.1  2:01pm  20.1  5:11am   0.0   0.4   1.8   3.5  27.0  6:32pm   ESE
30  21.0  22.7  2:23pm  20.3  8:05am   0.0   0.0 114.4   1.1  17.0  8:14pm     S
----------------------------------------------------------------------------------
    22.3  32.2    20    11.3    14     7.5  22.4 291.0   3.9  50.0    13      NE

Max >=  30.0  7
Max <=  25.0  3
Min <=  10.0  0
Min <=   5.0  0
Max Rain: 114.4 on day 30
Days of Rain: 18 (>= 0.2 mm)  9 (>= 2.0 mm)  3 (>= 20.0 mm)
Heat Base: 18.0  Cool Base: 24.0  Method: Integration