Brisbane, Queensland, Australia, Latitude 27°S 23' 52", Longitude 152° E 55' 35", Elevation 76 m

Mon 5 Dec 2022 12:00:13 pm: Temperature: 29.8 °C, Humidity: 50 %, Wind speed: 9 km/h, Wind Gust: 17 km/h, Rain today: 0.0 mm, MSLP: 1008.9 hPa

Website under continual development from 11 years of weather data. Please contact us if you find issues or like to provide feedback.

NOAA Style Reports

This page shows monthly and annual NOAA style reports since 2009.

Tables are updated at midnight each day.


Report for 2021 Dec
                   Monthly Climatological Summary for Dec 2021

Name: Ferny Grove   City: Brisbane   State: Queensland
Elevation: 76 m  Lat: S 27° 23' 52"   Lon: E 152° 55' 34"

                  Temperature (°C), Rain (mm), Wind Speed (km/h)

                                      Heat  Cool        Avg
    Mean                              Deg   Deg         Wind                 Dom
Day Temp  High   Time   Low    Time   Days  Days  Rain  Speed High   Time    Dir
----------------------------------------------------------------------------------
01  22.4  25.2 10:28am  20.7 12:00am   0.0   0.0  14.0   0.9  15.0 10:29am    SE
02  24.3  29.9 12:21pm  20.7 11:57pm   0.0   1.4   0.0   0.9  14.0  7:58am     N
03  25.1  31.0 11:41am  19.2  4:57am   0.0   2.3   0.0   1.6  17.0  1:41pm   ESE
04  24.5  31.3  1:22pm  18.8  4:36am   0.0   2.4  12.0   3.0  21.0  3:50pm    NE
05  22.6  28.5  1:02pm  18.0  4:54am   0.0   0.9   0.0   5.1  29.0  5:13pm    SE
06  22.6  27.7  2:16pm  17.8  5:04am   0.0   0.8   0.0   3.7  23.0 12:36pm   ESE
07  23.1  28.8 12:36pm  18.3  3:16am   0.0   0.8  13.8   2.3  17.0  3:25pm    NE
08  22.8  30.7 12:45pm  19.1 11:53pm   0.0   1.1  23.4   2.8  33.0  2:57pm     N
09  24.2  32.3 12:30pm  18.6  2:52am   0.0   2.5  62.0   2.3  41.0  7:03pm   NNW
10  24.4  32.3  3:47pm  17.7 11:46pm   0.0   2.6   2.4   3.3  23.0  1:26pm     W
11  23.4  30.8 11:15am  13.6  5:08am   0.6   2.0   0.0   4.6  27.0 12:27pm     E
31  21.3  25.1  8:42am  17.6  3:35am   0.0   0.0   4.4  ----  31.0  1:40pm   ESE
----------------------------------------------------------------------------------
    23.8  34.7    20    13.6    11     1.0  48.3 236.6   2.8  41.0     9       E

Max >=  30.0 17
Max <=  25.0  1
Min <=  10.0  0
Min <=   5.0  0
Max Rain: 62.0 on day 9
Days of Rain: 13 (>= 0.2 mm)  11 (>= 2.0 mm)  4 (>= 20.0 mm)
Heat Base: 18.0  Cool Base: 24.0  Method: Integration