Brisbane, Queensland, Australia, Latitude 27°S 23' 52", Longitude 152° E 55' 35", Elevation 76 m

Mon 5 Dec 2022 12:00:13 pm: Temperature: 29.8 °C, Humidity: 50 %, Wind speed: 9 km/h, Wind Gust: 17 km/h, Rain today: 0.0 mm, MSLP: 1008.9 hPa

Website under continual development from 11 years of weather data. Please contact us if you find issues or like to provide feedback.

NOAA Style Reports

This page shows monthly and annual NOAA style reports since 2009.

Tables are updated at midnight each day.


Report for 2022 Jan
                   Monthly Climatological Summary for Jan 2022

Name: Ferny Grove   City: Brisbane   State: Queensland
Elevation: 76 m  Lat: S 27° 23' 52"   Lon: E 152° 55' 34"

                  Temperature (°C), Rain (mm), Wind Speed (km/h)

                                      Heat  Cool        Avg
    Mean                              Deg   Deg         Wind                 Dom
Day Temp  High   Time   Low    Time   Days  Days  Rain  Speed High   Time    Dir
----------------------------------------------------------------------------------
01  21.1  23.6  9:55am  19.7 11:14pm   0.0   0.0  13.6   2.1  21.0 10:07am     S
02  23.4  29.1 10:53am  18.4  5:07am   0.0   1.1   0.6   4.1  27.0 10:17am   SSE
03  25.2  30.3  3:49pm  20.3  1:56am   0.0   2.1   0.0   7.8  35.0  8:17am   SSW
04  27.0  32.4  1:16pm  22.7  4:30am   0.0   3.3   0.0  10.6  39.0 11:44am     S
05  25.5  30.7  2:01pm  22.8  5:22am   0.0   1.8   1.0   4.7  27.0  1:02pm    SE
06  25.1  28.6 12:11pm  22.8  3:39am   0.0   1.3   6.4   7.1  29.0 12:11pm   ESE
07  24.3  26.6  9:30am  23.1 10:55pm   0.0   0.4  17.8   6.8  31.0  5:11am     E
08  23.9  26.5  1:12pm  22.9  8:39pm   0.0   0.3  12.4   1.4  21.0 11:19am    NE
09  25.5  30.1 12:58pm  22.6  5:04am   0.0   1.8   0.2   2.8  21.0 12:06pm    NE
10  25.1  29.9 11:04am  19.7  5:10am   0.0   1.9   0.0   3.8  25.0  2:42pm     E
11  24.5  29.3  2:22pm  19.8 11:58pm   0.0   1.3   3.6   4.5  25.0 12:33pm     E
12  23.4  29.3  1:09pm  17.9  2:58am   0.0   1.2   0.0   3.4  23.0  2:23pm     E
13  23.9  29.4 12:12pm  19.0  4:49am   0.0   1.4   0.0   3.7  27.0  4:34pm     E
14  23.8  30.6  1:29pm  17.4  5:00am   0.0   1.8   0.0   3.6  25.0  2:50pm   ENE
15  24.9  31.0 12:16pm  18.5  5:03am   0.0   2.3   0.0   3.9  23.0  3:11pm   NNE
16  26.0  32.1 12:31pm  20.3  5:08am   0.0   2.8   7.6   4.7  25.0  1:12am     N
17  27.1  32.8 12:24pm  22.8  5:07am   0.0   3.3   0.0   4.4  23.0  3:36pm   NNE
18  26.6  31.5  2:05pm  22.5  5:19am   0.0   2.7   0.0   3.8  27.0  3:53pm   NNE
19  26.6  32.8 12:39pm  22.5  5:44am   0.0   3.0   2.6   3.2  21.0  1:45pm    NE
20  22.5  26.1  1:55pm  20.6 11:37pm   0.0   0.2  32.8   5.4  31.0  6:12pm   SSE
21  23.0  27.7 11:19am  19.7  5:01am   0.0   0.6   0.0   8.4  37.0 11:30am    SE
22  21.7  27.2 10:49am  18.2 11:58pm   0.0   0.3   2.8   4.0  29.0 11:53am   SSE
23  22.5  29.2  1:23pm  17.0  4:06am   0.2   1.1   0.0   2.9  23.0  3:55pm    SE
24  23.7  29.8 11:03am  17.4  4:33am   0.0   1.6   0.0   1.9  19.0  1:07pm   ENE
25  25.5  31.1  1:33pm  20.6  5:50am   0.0   2.0   0.0   2.0  17.0 12:01pm    NE
26  23.0  25.4  9:56am  21.4 11:08pm   0.0   0.1  44.8   1.0  17.0  3:59pm     E
27  23.6  27.7 11:03am  20.6  4:55am   0.0   0.8   0.0   2.2  21.0 11:55am    SE
28  23.9  28.8  2:07pm  20.6 11:25pm   0.0   1.1   5.2   3.3  23.0  3:32pm     E
29  24.4  30.3  2:27pm  20.7  5:48am   0.0   1.6   3.0   3.9  27.0  4:12pm   ESE
30  25.1  31.0 12:51pm  19.7  4:15am   0.0   2.2   0.0   3.5  29.0  2:22pm   ESE
31  26.7  33.1 12:35pm  20.7  5:30am   0.0   3.2   0.0   3.0  23.0  4:54pm    NE
----------------------------------------------------------------------------------
    24.5  33.1    31    17.0    23     0.2  48.6 154.4   4.1  39.0     4     ESE

Max >=  30.0 14
Max <=  25.0  1
Min <=  10.0  0
Min <=   5.0  0
Max Rain: 44.8 on day 26
Days of Rain: 15 (>= 0.2 mm)  12 (>= 2.0 mm)  2 (>= 20.0 mm)
Heat Base: 18.0  Cool Base: 24.0  Method: Integration