Brisbane, Queensland, Australia, Latitude 27°S 23' 52", Longitude 152° E 55' 35", Elevation 76 m

Tue 4 Oct 2022 2:25:13 pm: Temperature: 21.4 °C, Humidity: 62 %, Wind speed: 6 km/h, Wind Gust: 14 km/h, Rain today: 0.0 mm, MSLP: 1020.1 hPa

Website under continual development from 11 years of weather data. Please contact us if you find issues or like to provide feedback.

NOAA Style Reports

This page shows monthly and annual NOAA style reports since 2009.

Tables are updated at midnight each day.


Report for 2022 Feb
                   Monthly Climatological Summary for Feb 2022

Name: Ferny Grove   City: Brisbane   State: Queensland
Elevation: 76 m  Lat: S 27° 23' 52"   Lon: E 152° 55' 34"

                  Temperature (°C), Rain (mm), Wind Speed (km/h)

                                      Heat  Cool        Avg
    Mean                              Deg   Deg         Wind                 Dom
Day Temp  High   Time   Low    Time   Days  Days  Rain  Speed High   Time    Dir
----------------------------------------------------------------------------------
01  28.5  36.7 12:25pm  22.9  5:50am   0.0   4.7   0.2   3.6  25.0  5:46pm     N
02  27.5  35.9  1:21pm  24.7  5:16am   0.0   3.5  18.6   2.6  33.0  2:37pm    NW
03  24.7  30.0 11:16am  20.6 11:47pm   0.0   1.6  31.0   2.7  29.0  3:59pm     S
04  22.7  28.3  1:15pm  17.9  5:09am   0.0   0.8   1.4   6.7  33.0  7:11pm   SSE
05  22.0  27.6  2:44pm  17.3  5:25am   0.0   0.6   0.0   6.8  33.0  9:40am   SSE
06  21.7  25.7  4:31pm  18.6 10:28pm   0.0   0.2   1.2   6.5  33.0 12:41pm   SSE
07  22.6  29.7  2:52pm  18.1  5:01am   0.0   1.1   0.0   5.2  27.0 11:29am   SSE
08  22.2  29.1 12:28pm  15.4  5:26am   0.3   1.2   0.0   3.1  25.0  9:27am    SE
09  23.2  31.1  1:31pm  17.0  5:43am   0.1   1.7   0.0   2.2  23.0  2:59pm   ENE
10  24.0  32.6  2:35pm  17.2  5:26am   0.0   2.2   0.0   2.3  23.0 11:58am   ESE
11  23.4  32.1  2:24pm  17.1  5:35am   0.1   1.9   1.4   3.8  27.0 10:14am   SSE
12  21.8  30.0 11:55am  17.0  5:29am   0.1   0.9   9.0   3.9  29.0  1:41pm   SSE
13  22.8  28.9 12:43pm  17.1  4:29am   0.1   1.2   0.0   6.3  33.0  4:22pm    SE
14  21.2  27.2 11:28am  18.4  5:41am   0.0   0.3  16.2   3.1  29.0 10:43am   SSE
15  21.6  25.4  1:06pm  18.3  5:44am   0.0   0.1   1.6   3.3  23.0  2:02pm   SSE
16  22.8  28.4  2:51pm  19.2 11:58pm   0.0   0.8   0.0   3.4  23.0  3:34pm   ESE
17  23.3  29.9  1:40pm  16.8  5:37am   0.1   1.7   0.0   1.5  19.0  3:04pm   NNE
18  24.3  33.1 12:30pm  18.3  5:17am   0.0   2.5  14.0   2.1  27.0  6:21pm   NNE
19  23.6  31.4 12:27pm  18.3  5:44am   0.0   1.6   6.4   3.4  31.0  6:39pm    SE
20  23.1  28.2  2:36pm  20.1 11:54pm   0.0   0.7   1.2   1.9  19.0 12:54pm     E
21  24.1  30.1 12:47pm  19.3  5:46am   0.0   1.6   0.0   2.3  25.0  3:39pm   NNE
22  23.8  30.2 11:44am  20.4  5:35am   0.0   1.1   8.2   3.0  21.0  1:06pm   ESE
23  23.8  28.2  3:34pm  20.7  3:20am   0.0   0.9  50.6   4.3  27.0  3:08am   ESE
24  23.7  26.7 12:24pm  22.3 11:41pm   0.0   0.4  30.0   5.2  35.0  1:51pm   ENE
25  22.3  23.1 12:27pm  21.1 10:53pm   0.0   0.0 176.0   6.2  37.0  8:27pm   ESE
26  21.3  22.7 12:37pm  20.2 11:47pm   0.0   0.0 202.8   6.7  29.0 12:30am    SE
27  19.9  20.4 12:35am  18.9  8:34pm   0.0   0.0 452.4   8.8  41.0  8:11pm     S
28  22.8  28.7  1:32pm  18.9  3:52am   0.0   0.9   4.0   5.5  37.0  7:56pm   SSW
----------------------------------------------------------------------------------
    23.2  36.7     1    15.4     8     0.8  34.21026.2   4.2  41.0    27      SE

Max >=  30.0 11
Max <=  25.0  3
Min <=  10.0  0
Min <=   5.0  0
Max Rain: 452.4 on day 27
Days of Rain: 19 (>= 0.2 mm)  13 (>= 2.0 mm)  6 (>= 20.0 mm)
Heat Base: 18.0  Cool Base: 24.0  Method: Integration