Brisbane, Queensland, Australia, Latitude 27°S 23' 52", Longitude 152° E 55' 35", Elevation 76 m

Tue 4 Oct 2022 2:25:13 pm: Temperature: 21.4 °C, Humidity: 62 %, Wind speed: 6 km/h, Wind Gust: 14 km/h, Rain today: 0.0 mm, MSLP: 1020.1 hPa

Website under continual development from 11 years of weather data. Please contact us if you find issues or like to provide feedback.

NOAA Style Reports

This page shows monthly and annual NOAA style reports since 2009.

Tables are updated at midnight each day.


Report for 2022 Mar
                   Monthly Climatological Summary for Mar 2022

Name: Ferny Grove   City: Brisbane   State: Queensland
Elevation: 76 m  Lat: S 27° 23' 52"   Lon: E 152° 55' 34"

                  Temperature (°C), Rain (mm), Wind Speed (km/h)

                                      Heat  Cool        Avg
    Mean                              Deg   Deg         Wind                 Dom
Day Temp  High   Time   Low    Time   Days  Days  Rain  Speed High   Time    Dir
----------------------------------------------------------------------------------
01  24.5  30.8 12:59pm  19.8  5:45am   0.0   1.7   0.4   2.7  21.0 11:50am    SE
02  25.5  31.3 12:49pm  20.2  5:42am   0.0   2.4   0.0   2.2  23.0  4:44pm    NE
03  22.6  26.7  3:09pm  19.8  9:07am   0.0   0.3  16.8   3.3  31.0  6:59am   NNW
04  23.1  28.5 12:50pm  19.5  4:39am   0.0   0.8   2.0   1.9  21.0 11:30am   SSE
05  24.9  32.3  2:48pm  18.8  5:33am   0.0   2.4   0.0   1.9  19.0  5:07pm     N
06  24.8  32.6 12:07pm  20.1 10:45pm   0.0   2.0  13.8   1.5  23.0  2:29pm     N
07  24.5  31.5 12:27pm  17.1  6:13am   0.1   2.2   0.0   2.1  21.0 12:16pm   NNE
08  27.8  35.2  2:35pm  21.3  6:17am   0.0   4.2   0.0   0.5  21.0 12:19pm     W
09  26.8  34.8  2:02pm  22.0  5:07am   0.0   3.2   1.0   3.9  25.0 10:37am    NW
10  23.8  26.8 10:27am  22.0  5:30am   0.0   0.4   0.0   2.7  25.0  3:01pm   ESE
11  22.5  25.6  1:17pm  20.7 11:58pm   0.0   0.0   0.8   3.1  19.0  4:59pm    SE
12  22.1  26.6 10:12am  18.8  5:30am   0.0   0.4   0.2   3.4  25.0  5:24pm    SE
13  22.0  28.2  2:43pm  17.1  6:04am   0.1   0.8   0.0   2.9  25.0  3:53pm    SE
14  22.1  28.9  1:57pm  16.7  2:38am   0.2   0.9   0.2   2.3  19.0  5:08pm   SSE
15  21.6  27.3  2:55pm  16.4  3:18am   0.2   0.5   0.0   2.8  31.0  1:36pm   SSE
16  22.5  29.8  1:51pm  17.3  4:10am   0.1   1.1   0.0   2.3  19.0  3:25pm    SE
17  23.7  31.2  2:16pm  17.3  5:20am   0.0   1.6   0.0   3.3  27.0  5:09pm    SE
18  23.7  29.8 12:08pm  19.3  6:06am   0.0   1.1   0.0   3.6  23.0  3:44pm    SE
19  23.3  29.3  1:30pm  18.2  6:23am   0.0   1.2   0.0   3.3  33.0  3:01pm    SE
20  23.1  29.8  1:51pm  19.1 11:56pm   0.0   1.1   0.0   3.0  19.0  7:26am   SSE
21  22.3  30.3  1:38pm  15.6  6:02am   0.4   1.4   0.0   2.2  19.0 12:04pm   SSE
22  22.3  29.8 12:17pm  16.2  5:47am   0.3   1.3   0.0   1.4  23.0  3:56pm    NE
23  23.6  31.7  2:11pm  16.7  5:17am   0.2   2.0   0.0   1.8  21.0  2:49pm     N
24  24.6  31.0  1:52pm  19.6  6:18am   0.0   1.9   0.0   2.4  19.0  3:15pm    NE
25  23.4  31.1  1:24pm  19.2  6:19am   0.0   1.6  18.4   2.9  27.0  6:11pm     N
26  22.0  27.1 11:57am  18.9  3:12am   0.0   0.4   0.6   1.8  15.0  7:32am     S
27  22.6  28.8 12:23pm  18.3  4:08am   0.0   0.8  24.4   2.1  21.0 11:25am   ENE
28  20.2  21.4 12:02pm  18.4 11:25pm   0.0   0.0  69.8   3.6  41.0  9:37pm   SSE
29  20.8  25.5  2:42pm  18.1  3:36am   0.0   0.1   6.4   4.6  23.0 12:27am    SW
30  22.6  27.3  2:03pm  19.4  1:24am   0.0   0.5   3.0   8.9  35.0 10:07am     W
31  23.8  29.4 12:15pm  18.3  6:14am   0.0   1.4   0.0   5.2  29.0 11:05am     S
----------------------------------------------------------------------------------
    23.3  35.2     8    15.6    21     1.6  39.7 157.8   2.9  41.0    28      SE

Max >=  30.0 12
Max <=  25.0  1
Min <=  10.0  0
Min <=   5.0  0
Max Rain: 69.8 on day 28
Days of Rain: 14 (>= 0.2 mm)  8 (>= 2.0 mm)  2 (>= 20.0 mm)
Heat Base: 18.0  Cool Base: 24.0  Method: Integration