NOAA Style Reports

This page shows monthly and annual NOAA style reports since 2009.

Tables are updated at midnight each day.


Report for 2022 Apr
                   Monthly Climatological Summary for Apr 2022

Name: Ferny Grove   City: Brisbane   State: Queensland
Elevation: 76 m  Lat: S 27° 23' 52"   Lon: E 152° 55' 34"

                  Temperature (°C), Rain (mm), Wind Speed (km/h)

                                      Heat  Cool        Avg
    Mean                              Deg   Deg         Wind                 Dom
Day Temp  High   Time   Low    Time   Days  Days  Rain  Speed High   Time    Dir
----------------------------------------------------------------------------------
01  22.0  28.2  2:03pm  16.9  6:27am   0.1   0.7   0.0   2.8  21.0 10:13am     S
02  21.6  27.7  2:06pm  16.6  5:58am   0.2   0.6   0.0   1.2  17.0  4:15pm   NNE
03  22.4  29.8 12:18pm  17.9  6:00am   0.0   1.3   0.0   3.2  23.0  3:13pm   NNE
04  22.5  28.7  2:29pm  18.7 11:56pm   0.0   0.8   0.0   1.7  17.0 12:56pm   NNE
05  22.7  30.6  1:16pm  16.4  6:01am   0.2   1.4   0.0   1.8  19.0  1:52pm   ENE
06  22.7  28.1 12:19pm  18.1 11:47pm   0.0   0.8   0.0   3.0  23.0  2:07pm     E
07  21.9  27.3  2:06pm  17.5  3:46am   0.0   0.6   0.0   3.5  23.0 11:42am    SE
08  22.5  27.7  2:06pm  18.6  4:08am   0.0   0.7   1.6   4.5  27.0  1:32pm    SE
09  20.8  25.8  1:51pm  18.3  3:54am   0.0   0.1   5.6   3.2  27.0  1:00pm    SE
10  21.9  28.0  1:46pm  17.2  6:17am   0.1   0.7   0.0   2.4  15.0  8:26am    SE
11  22.4  29.9  1:50pm  16.6  5:34am   0.2   1.2   0.0   1.8  17.0  1:10pm   SSW
12  22.6  30.9  2:10pm  17.8  6:02am   0.0   1.2   1.4   2.2  23.0  8:46pm   SSE
13  20.3  27.1 11:55am  16.7  4:20am   0.2   0.3   6.4   1.9  21.0  2:59pm    SE
14  20.0  25.9  1:45pm  15.4  6:22am   0.5   0.2   0.0   3.6  27.0 12:45pm   SSE
15  20.6  26.6 12:26pm  16.2  6:20am   0.2   0.3   0.0   4.4  27.0 10:00am   SSE
16  19.8  26.3  2:01pm  15.1  3:08am   0.5   0.2   0.0   3.4  33.0  5:37pm     S
17  19.8  26.1 12:42pm  15.9 10:49pm   0.5   0.1   0.0   2.8  31.0  3:42pm     S
18  19.9  27.1  2:04pm  14.3  6:16am   0.9   0.4   0.0   1.6  21.0 10:46am    SE
19  20.1  27.6 11:58am  13.8  6:06am   1.0   0.4   0.0   1.9  17.0  1:11pm   NNE
20  22.6  30.7  2:53pm  15.8  5:59am   0.3   1.7   0.0   1.9  23.0  1:21pm     W
21  20.9  27.7 12:52pm  15.2  4:02am   0.7   0.5   0.0   2.6  21.0  3:42pm   ESE
22  21.3  26.2  1:30pm  18.0 11:59pm   0.0   0.2   1.2   4.0  23.0 10:42am   ESE
23  19.0  22.8 10:47am  17.0  6:31am   0.2   0.0   4.6   5.9  29.0  1:11pm   SSE
24  18.6  23.4 12:33pm  16.0  5:21am   0.5   0.0   2.4   4.8  33.0 12:35pm   SSE
25  17.7  19.9 11:23am  16.3  1:34am   0.6   0.0  13.0   3.3  25.0  3:14pm    SE
26  18.0  21.6  1:52pm  16.1  6:26am   0.7   0.0  12.0   0.9  21.0  1:58pm    SE
27  19.6  25.5  1:14pm  14.9  3:44am   0.7   0.1   0.6   1.9  21.0 11:51am   ENE
28  20.4  25.3  1:47pm  17.1  4:10am   0.1   0.1   1.4   1.7  19.0 11:18am   ENE
29  21.1  26.5  1:23pm  17.8 11:13pm   0.0   0.3   1.2   2.3  17.0 12:05pm     E
30  21.0  25.8 11:05am  17.4 12:58am   0.0   0.3   1.6   1.2  14.0  8:24am    SE
----------------------------------------------------------------------------------
    20.9  30.9    12    13.8    19     8.4  15.2  53.0   2.7  33.0    16      SE

Max >=  30.0  3
Max <=  25.0  4
Min <=  10.0  0
Min <=   5.0  0
Max Rain: 13.0 on day 25
Days of Rain: 13 (>= 0.2 mm)  6 (>= 2.0 mm)  0 (>= 20.0 mm)
Heat Base: 18.0  Cool Base: 24.0  Method: Integration