Brisbane, Queensland, Australia, Latitude 27°S 23' 52", Longitude 152° E 55' 35", Elevation 76 m

Thu 9 Feb 2023 3:55:16 am: Temperature: 21.2 °C, Humidity: 88 %, Wind speed: 0 km/h, Wind Gust: 0 km/h, Rain today: 0.0 mm, MSLP: 1009.8 hPa

Website under continual development from 11 years of weather data. Please contact us if you find issues or like to provide feedback.

NOAA Style Reports

This page shows monthly and annual NOAA style reports since 2009.

Tables are updated at midnight each day.

Select a Year or Month report

Report for 2022 May
                   Monthly Climatological Summary for May 2022

Name: Ferny Grove   City: Brisbane   State: Queensland
Elevation: 76 m  Lat: S 27° 23' 52"   Lon: E 152° 55' 34"

                  Temperature (°C), Rain (mm), Wind Speed (km/h)

                                      Heat  Cool        Avg
    Mean                              Deg   Deg         Wind                 Dom
Day Temp  High   Time   Low    Time   Days  Days  Rain  Speed High   Time    Dir
----------------------------------------------------------------------------------
01  18.7  22.4 11:59am  16.0 11:16pm   0.5   0.0   0.4   1.4  17.0  8:57am   SSW
02  19.6  25.2 11:56am  14.2 12:00am   0.5   0.0   0.0   3.5  19.0  2:19am   SSE
03  18.5  26.2 12:50pm  13.0  6:09am   1.7   0.1   0.0   2.0  17.0  8:52am   SSE
04  19.5  26.4  2:31pm  14.4  3:54am   0.9   0.2   0.0   1.3  14.0  8:32am    SE
05  21.8  28.3  1:57pm  16.7  3:17am   0.2   0.7   0.0   2.1  19.0  2:38pm   NNE
06  22.2  28.3  2:06pm  19.9 12:11am   0.0   0.5  12.4   1.5  17.0  3:29pm    SW
07  19.9  24.7 12:25pm  16.9 11:03pm   0.1   0.0   1.8   1.5  21.0 10:16pm   SSW
08  18.9  22.8  2:17pm  15.9  5:03am   0.5   0.0   2.8   1.7  17.0  6:51pm     S
09  16.9  18.6 12:00am  15.7  8:49pm   1.2   0.0  11.4   3.9  23.0 11:10am     S
10  19.1  22.1 12:29pm  16.3 12:04am   0.4   0.0   2.8   5.2  25.0 12:34pm   SSE
11  19.2  20.2 11:38pm  18.1  1:27am   0.0   0.0  72.6   5.9  27.0 12:54am   ESE
12  20.8  22.5  1:31pm  19.4 10:36pm   0.0   0.0  53.8   6.4  27.0 10:31am   ENE
13  20.7  22.3 11:21am  19.6  7:08pm   0.0   0.0  34.0   3.9  39.0  1:32pm    NE
14  20.6  22.2 11:54pm  18.7  4:17am   0.0   0.0  42.2   4.3  21.0  8:54am   ESE
15  23.2  26.7  3:23pm  21.3 10:34pm   0.0   0.3   7.2   1.7  14.0 12:32am   ENE
16  22.9  27.7 11:44am  20.4 11:17pm   0.0   0.6   0.2   0.5  15.0  1:28pm    SW
17  22.0  27.8 12:27pm  20.2 11:24pm   0.0   0.3   5.6   1.2  21.0  4:36pm    SE
18  21.4  27.1  3:05pm  18.6 11:57pm   0.0   0.3   0.4   0.8  15.0  2:16pm     S
19  19.4  22.1 12:43pm  17.4  6:27am   0.0   0.0   0.0   1.4  21.0  8:58am    SE
20  17.4  20.4 11:45am  15.6 11:50pm   0.9   0.0   4.4   2.0  17.0 12:24pm     S
21  16.1  17.1 11:12am  15.4  4:56am   1.9   0.0  29.6   2.5  19.0 10:00am     S
22  16.7  19.8  2:31pm  15.3 10:58pm   1.4   0.0   7.0   4.8  23.0  3:36pm     S
23  16.7  21.7 12:04pm  14.9  6:09am   1.7   0.0  10.2   3.2  21.0 12:05pm     S
24  17.5  22.2  1:43pm  14.8  7:05am   1.3   0.0   1.0   3.7  23.0  3:14pm     S
25  17.7  22.3 12:40pm  15.3  2:45am   1.0   0.0   1.0   2.3  19.0 11:17am   SSE
26  17.4  23.4 12:44pm  13.7  6:43am   1.7   0.0   0.0   1.9  21.0  1:36pm    SE
27  17.3  24.7  2:56pm  12.7  5:09am   2.3   0.0   0.0   1.6  17.0  9:34am     S
28  17.6  25.1  2:17pm  12.4  6:12am   2.2   0.1   0.0   1.3  17.0 12:14pm   SSW
29  16.8  21.9  1:27pm  11.3  6:44am   2.0   0.0   0.0   6.4  39.0 12:49pm     W
30  15.6  20.5 10:10pm  12.0  5:14am   2.5   0.0   0.8   1.9  42.0  9:40pm    NW
31  17.2  21.4  2:38pm  14.3  6:56am   1.4   0.0   0.0  14.2  56.0  5:12am     W
----------------------------------------------------------------------------------
    19.0  28.3     5    11.3    29    26.3   3.1 301.6   3.1  56.0    31     SSE

Max >=  30.0  0
Max <=  25.0 21
Min <=  10.0  0
Min <=   5.0  0
Max Rain: 72.6 on day 11
Days of Rain: 21 (>= 0.2 mm)  14 (>= 2.0 mm)  5 (>= 20.0 mm)
Heat Base: 18.0  Cool Base: 24.0  Method: Integration