Brisbane, Queensland, Australia, Latitude 27°S 23' 52", Longitude 152° E 55' 35", Elevation 76 m

Tue 4 Oct 2022 2:40:13 pm: Temperature: 21.3 °C, Humidity: 61 %, Wind speed: 5 km/h, Wind Gust: 10 km/h, Rain today: 0.0 mm, MSLP: 1019.9 hPa

Website under continual development from 11 years of weather data. Please contact us if you find issues or like to provide feedback.

NOAA Style Reports

This page shows monthly and annual NOAA style reports since 2009.

Tables are updated at midnight each day.


Report for 2022 Aug
                   Monthly Climatological Summary for Aug 2022

Name: Ferny Grove   City: Brisbane   State: Queensland
Elevation: 76 m  Lat: S 27° 23' 52"   Lon: E 152° 55' 34"

                  Temperature (°C), Rain (mm), Wind Speed (km/h)

                                      Heat  Cool        Avg
    Mean                              Deg   Deg         Wind                 Dom
Day Temp  High   Time   Low    Time   Days  Days  Rain  Speed High   Time    Dir
----------------------------------------------------------------------------------
01  14.9  20.1  1:39pm  12.4  1:01am   3.3   0.0   2.4   1.3  14.0  1:48pm   NNW
02  15.6  23.7  2:14pm   9.3  6:48am   3.6   0.0   0.2   1.4  15.0  9:42am     S
03  16.3  24.1  2:33pm  11.1  6:15am   3.0   0.0   0.0   2.0  19.0  3:41pm   NNE
04  16.8  23.4  2:09pm  10.3  6:26am   2.4   0.0   0.0   4.3  27.0 11:06am     N
05  18.3  24.9 12:27pm  11.9  6:28am   1.4   0.0   0.0   1.8  19.0 12:44pm   WNW
06  17.5  22.2  3:28pm  13.6 11:41pm   1.2   0.0   3.6   4.5  27.0  2:44pm     W
07  15.0  22.7  2:33pm   8.2  3:57am   3.8   0.0   0.0   4.2  25.0 10:00am   WSW
08  13.5  22.2  2:10pm   6.2  6:32am   5.2   0.0   0.0   2.7  25.0  1:37am   SSW
09  13.8  22.2  1:40pm   6.7  6:28am   4.8   0.0   0.0   2.5  25.0  1:28pm   SSW
10  13.7  22.2  2:24pm   7.2  6:35am   4.8   0.0   0.0   2.3  25.0  8:36am   SSE
11  14.1  22.3  1:06pm   7.8  4:23am   4.4   0.0   0.0   1.7  17.0  8:24am   ESE
12  15.4  20.7 11:51am  12.4 12:49am   2.8   0.0   2.2   2.3  17.0  1:50pm   NNE
13  14.5  16.7 11:34am   8.7 11:58pm   3.5   0.0   2.8   1.5  17.0  8:45am    NW
14  13.3  22.9  2:04pm   5.6  6:18am   5.7   0.0   0.2   3.5  31.0  3:16pm     W
15  12.8  21.9  2:00pm   5.4  5:57am   5.9   0.0   0.0   3.5  29.0  1:33pm   WNW
16  13.4  22.8  2:01pm   4.8  6:24am   5.6   0.0   0.6   1.8  25.0  1:20pm     W
17  13.1  22.3  2:29pm   6.2  4:38am   5.6   0.0   0.0   2.6  21.0 10:58am   SSW
18  10.6  25.2  2:03pm   5.3  6:22am   5.2   0.1   0.0   1.1  19.0 12:53pm   NNW
19  17.7  28.7  1:21pm   6.8  6:28am   3.5   0.8   0.0   3.5  29.0  1:53pm   WNW
----------------------------------------------------------------------------------
    14.8  28.7    19     4.8    16    75.7   0.9  12.0   2.6  31.0    14       W

Max >=  30.0  0
Max <=  25.0 17
Min <=  10.0 13
Min <=   5.0  1
Max Rain: 3.6 on day 6
Days of Rain: 7 (>= 0.2 mm)  4 (>= 2.0 mm)  0 (>= 20.0 mm)
Heat Base: 18.0  Cool Base: 24.0  Method: Integration