NOAA Style Reports

This page shows monthly and annual NOAA style reports since 2009.

Tables are updated at midnight each day.


Report for 2022 Nov
                   Monthly Climatological Summary for Nov 2022

Name: Ferny Grove   City: Brisbane   State: Queensland
Elevation: 76 m  Lat: S 27° 23' 52"   Lon: E 152° 55' 34"

                  Temperature (°C), Rain (mm), Wind Speed (km/h)

                                      Heat  Cool        Avg
    Mean                              Deg   Deg         Wind                 Dom
Day Temp  High   Time   Low    Time   Days  Days  Rain  Speed High   Time    Dir
----------------------------------------------------------------------------------
01  21.4  26.6  2:21pm  17.6 10:20pm   0.0   0.1  11.6   6.4  31.0  9:03am    NW
02  19.2  24.4  2:30pm  14.3 11:54pm   0.7   0.0   0.0  13.4  44.0 11:05am     W
03  18.1  25.6  2:50pm  12.5  5:19am   1.9   0.1   0.0   4.3  23.0  1:24pm   WSW
04  18.7  25.1 12:24pm  10.7  4:53am   1.7   0.0   0.0   5.9  29.0  5:22pm   ESE
05  19.5  24.5  2:23pm  14.5  2:58am   0.6   0.0   0.0   4.3  27.0  9:45pm   ESE
06  19.6  25.4 10:42am  14.6  3:06am   0.9   0.0   0.0   4.0  23.0 11:26am     E
07  19.3  25.8  1:40pm  13.9 11:59pm   1.3   0.1   0.0   3.7  27.0  2:47pm     E
08  18.6  24.4 10:01am  12.5  4:53am   1.4   0.0   0.8   3.6  25.0  3:45pm    SE
09  19.1  24.7  1:53pm  13.1  5:07am   1.3   0.0   0.0   4.4  23.0  9:28am    SE
10  19.4  26.1 12:30pm  13.8  3:41am   1.1   0.1   0.0   4.2  25.0  8:06am   ESE
11  19.8  27.5  1:43pm  12.1  5:01am   1.5   0.5   0.0   3.4  27.0  2:19pm   NNE
12  21.8  29.8 11:12am  13.4  4:50am   1.0   1.3   0.0   3.8  23.0  4:42pm   NNE
13  23.1  30.2 12:08pm  16.4  4:56am   0.1   1.4   0.0   5.4  29.0  1:19pm   NNE
14  24.5  32.0  1:31pm  19.4  5:07am   0.0   2.0   2.6   4.5  21.0 10:14am     N
15  24.9  34.4  2:36pm  16.2  5:02am   0.1   3.3   0.2   3.9  35.0  2:07pm     W
16  23.4  31.5 12:46pm  15.6  5:01am   0.4   2.1   0.0   7.5  39.0 11:37am   WSW
17  19.3  25.6  3:12pm  12.9 11:58pm   0.8   0.1   0.0   4.7  27.0  9:03am   SSW
18  19.4  27.2 11:16am  10.8  4:47am   1.9   0.5   0.0   3.6  27.0  2:53pm   NNE
19  21.9  30.4 12:51pm  12.4  4:36am   1.2   1.3   0.0   5.5  31.0  3:17pm     N
20  24.8  35.6  2:53pm  18.7  4:59am   0.0   2.6  14.0   5.2  42.0  4:43pm    NW
21  27.3  35.8  2:36pm  20.5  1:12am   0.0   3.8   0.0   6.6  33.0 10:19am     W
22  23.4  30.8  2:21pm  17.8 11:42pm   0.0   1.5   0.0   7.5  33.0  9:47am   WSW
23  20.9  28.4 11:35am  14.7 11:52pm   0.6   0.7   0.0   3.5  23.0 10:16am    NW
24  22.0  29.7  1:23pm  14.5 12:13am   0.5   1.0   0.0   1.5  17.0  8:49am   ENE
25  23.7  33.8 12:40pm  14.8  5:01am   0.4   2.5   0.0   2.8  27.0  4:26pm    NE
26  24.0  35.7  1:51pm  14.3  5:00am   0.6   2.7   0.0   4.7  29.0 11:11am   ESE
27  22.5  30.3 12:22pm  18.9  4:50am   0.0   1.0  30.6   3.6  31.0  1:47pm     N
28  25.2  33.3 11:59am  20.6  5:00am   0.0   2.5   1.2   4.8  33.0  5:34pm     N
29  23.9  28.4  1:48pm  21.1  4:59am   0.0   0.7   0.2   3.4  21.0  3:01am   ESE
30  19.6  22.5 12:00am  15.5 11:16pm   0.5   0.0  13.8   5.9  27.0  5:27am    SE
----------------------------------------------------------------------------------
    21.6  35.8    21    10.7     4    20.5  31.9  75.0   4.9  44.0     2     NNW

Max >=  30.0 12
Max <=  25.0  5
Min <=  10.0  0
Min <=   5.0  0
Max Rain: 30.6 on day 27
Days of Rain: 9 (>= 0.2 mm)  5 (>= 2.0 mm)  1 (>= 20.0 mm)
Heat Base: 18.0  Cool Base: 24.0  Method: Integration