NOAA Style Reports

This page shows monthly and annual NOAA style reports since 2009.

Tables are updated at midnight each day.


Report for 2022 Dec
                   Monthly Climatological Summary for Dec 2022

Name: Ferny Grove   City: Brisbane   State: Queensland
Elevation: 76 m  Lat: S 27° 23' 52"   Lon: E 152° 55' 34"

                  Temperature (°C), Rain (mm), Wind Speed (km/h)

                                      Heat  Cool        Avg
    Mean                              Deg   Deg         Wind                 Dom
Day Temp  High   Time   Low    Time   Days  Days  Rain  Speed High   Time    Dir
----------------------------------------------------------------------------------
01  15.8  17.1 11:58am  15.0  4:25am   2.2   0.0  28.6   8.1  33.0  7:59am     S
02  20.0  25.9 12:25pm  15.2  1:33am   0.7   0.1   0.2   6.5  35.0  1:55pm   SSE
03  20.2  26.1 11:28am  15.8  2:42am   0.5   0.1   0.2   6.1  35.0 12:09pm   SSE
04  20.8  26.4 11:41am  15.6  4:44am   0.4   0.2   1.2   3.8  25.0  8:04am    SE
05  22.9  29.8 11:58am  15.8  5:06am   0.3   1.5   0.0   2.8  21.0 11:01am     E
06  27.4  38.3  3:04pm  18.4  5:07am   0.0   4.7   0.0   3.5  29.0  1:07pm   WNW
07  25.2  31.6 10:32am  18.1  5:01am   0.0   2.4   0.6   4.3  31.0  1:20pm   NNE
08  25.6  31.6  1:25pm  19.8  5:15am   0.0   2.5  27.8   7.9  50.0  5:37am   NNW
09  23.1  27.4 11:25am  20.5  5:06am   0.0   0.4   0.0   4.7  25.0  3:40pm     E
10  22.5  26.7  1:51pm  19.7 11:59pm   0.0   0.3   0.0   3.5  23.0  5:09pm    NE
11  22.5  28.6 12:54pm  16.2  4:23am   0.2   1.0   0.0   2.9  27.0  1:29pm   NNE
12  25.1  32.5 12:59pm  18.0  5:03am   0.0   2.6   5.6   5.9  29.0  9:12am     N
13  24.0  29.8 11:00am  21.1  4:51am   0.0   1.1   0.2   3.0  23.0  4:03pm   ENE
14  26.2  34.4  3:00pm  19.3 11:59pm   0.0   3.5   0.0   4.9  37.0  2:10pm   WSW
15  22.5  31.1  2:52pm  15.3  4:46am   0.4   1.2   0.0   2.4  23.0  1:43pm    NE
16  22.5  27.8 12:19pm  17.8 11:34pm   0.0   0.6   2.2   3.9  23.0 10:18pm     E
17  21.3  26.8  2:21pm  16.4  4:51am   0.3   0.3   0.0   4.8  27.0  1:08pm   ESE
18  21.7  27.3 12:35pm  17.1  5:14am   0.0   0.4   0.0   5.3  25.0  9:55am    SE
19  20.8  27.7 12:35pm  14.6  4:57am   0.5   0.3   0.0   4.3  23.0  6:48pm    SE
20  20.9  27.7 12:45pm  14.4  3:35am   0.6   0.5   0.0   5.4  29.0  1:54pm   ESE
21  21.1  27.6 12:50pm  14.3  5:04am   0.4   0.4   0.0   3.8  23.0  3:22pm     E
22  22.4  27.5 12:28pm  18.4  5:26am   0.0   0.7   0.0   3.5  29.0  3:23pm   NNE
23  23.5  30.3 11:35am  16.8  5:05am   0.1   1.5   0.0   4.4  29.0  2:45pm   NNE
24  23.5  27.4 11:16am  20.1  4:17am   0.0   0.8   0.0   0.7  15.0  9:46am   WNW
25  23.3  29.5 11:18am  20.6  3:32am   0.0   0.7  14.4   2.3  23.0 12:03pm   ENE
26  23.4  28.3 11:41am  19.2  4:55am   0.0   0.9   1.8   4.5  29.0  3:05pm     E
27  22.5  27.7  1:42pm  19.2  4:27am   0.0   0.6   3.0   4.0  31.0  4:23pm   ESE
28  22.6  28.2  9:55am  17.5 11:59pm   0.0   0.8   1.2   3.4  29.0 12:22pm   ESE
29  22.5  27.6  2:54pm  16.3  4:59am   0.3   0.9   0.2   3.2  21.0 12:12pm    SE
30  22.4  27.1 12:08pm  20.3  8:31pm   0.0   0.4   5.2   4.0  29.0  1:30pm    SE
31  23.1  27.9  2:49pm  19.8  4:48am   0.0   0.9   0.6   3.2  23.0  2:00pm     E
----------------------------------------------------------------------------------
    22.6  38.3     6    14.3    21     6.9  32.3  93.0   4.2  50.0     8       E

Max >=  30.0  7
Max <=  25.0  1
Min <=  10.0  0
Min <=   5.0  0
Max Rain: 28.6 on day 1
Days of Rain: 16 (>= 0.2 mm)  7 (>= 2.0 mm)  2 (>= 20.0 mm)
Heat Base: 18.0  Cool Base: 24.0  Method: Integration