NOAA Style Reports

This page shows monthly and annual NOAA style reports since 2009.

Tables are updated at midnight each day.

Select a Year or Month report

Report for 2023 Jan
                   Monthly Climatological Summary for Jan 2023

Name: Ferny Grove   City: Brisbane   State: Queensland
Elevation: 76 m  Lat: S 27° 23' 52"   Lon: E 152° 55' 34"

                  Temperature (°C), Rain (mm), Wind Speed (km/h)

                                      Heat  Cool        Avg
    Mean                              Deg   Deg         Wind                 Dom
Day Temp  High   Time   Low    Time   Days  Days  Rain  Speed High   Time    Dir
----------------------------------------------------------------------------------
01  23.3  29.1 12:47pm  19.2  4:52am   0.0   1.0   0.0   3.5  25.0  4:15pm     E
02  22.9  29.1  2:01pm  17.2  4:51am   0.1   1.2   0.0   2.7  21.0  1:38pm     E
03  24.4  32.4  1:18pm  16.9  5:12am   0.1   2.3   0.0   2.8  23.0  4:28pm    NE
04  25.5  33.3 12:07pm  18.8  5:07am   0.0   3.0  35.6   3.3  33.0  9:35pm   NNE
05  22.5  26.5  2:50pm  20.1 11:59pm   0.0   0.4   3.2   1.5  21.0  5:11pm    NW
06  18.3  29.7  1:44pm  18.3  5:11am   0.0   1.2   0.0   3.1  23.0  1:28pm   ESE
07  23.6  30.6 12:54pm  17.6  5:23am   0.0   1.5   0.0   3.3  23.0  6:17pm     E
08  24.1  30.6 12:03pm  17.9  5:25am   0.0   1.7   0.0   4.0  23.0  3:50pm     E
09  25.3  31.3  1:07pm  21.1  5:28am   0.0   2.0   0.0   3.5  23.0  1:14pm    NE
10  24.6  30.5  1:50pm  19.9  5:22am   0.0   1.9   0.0   3.1  21.0  3:22pm     E
11  23.8  29.5 12:26pm  17.1  5:14am   0.1   1.5   0.0   2.9  23.0  3:35pm     E
12  24.0  28.9 12:35pm  19.7  5:36am   0.0   1.3   0.0   2.7  23.0  5:10pm     E
13  23.8  29.9 11:56am  18.5  5:24am   0.0   1.2   0.0   4.1  27.0  4:09pm     E
14  22.6  26.3 12:10pm  19.7 11:57pm   0.0   0.3   0.2   2.5  23.0 11:58am   ESE
15  23.1  28.4  1:47pm  18.4  4:05am   0.0   1.0   0.2   2.5  19.0  1:08pm     E
16  23.2  26.2  3:00pm  20.9 12:17am   0.0   0.3   1.6   2.8  27.0  3:13pm   ESE
17  24.3  29.4  1:24pm  20.3 11:23pm   0.0   1.4   0.0   4.6  25.0 10:22am     E
18  23.2  29.1 12:27pm  18.4 11:56pm   0.0   1.2   0.4   3.3  23.0 11:27am   ENE
19  24.0  30.9 12:55pm  16.4  4:16am   0.2   2.1   0.0   3.7  29.0  4:32pm    NE
20  22.7  28.3  2:24pm  20.2  5:27am   0.0   0.3   9.2   3.3  25.0  5:52pm    SE
21  23.2  29.8 12:34pm  17.4  5:16am   0.0   1.3   0.0   4.0  25.0  2:37pm   ESE
22  23.3  30.1 11:20am  16.2  5:26am   0.2   1.6   0.0   3.4  23.0  3:36pm   ENE
23  24.9  31.4  2:15pm  18.2  5:21am   0.0   2.3   0.0   3.7  23.0  3:46pm    NE
24  24.7  31.9  1:28pm  21.1  5:16am   0.0   1.8   6.8   3.8  27.0  3:49pm     N
25  25.8  32.6 12:53pm  20.6  5:13am   0.0   2.8   0.0   2.7  19.0  3:14pm     N
26  27.2  35.0 12:56pm  20.5  5:04am   0.0   3.9   0.0   2.9  23.0  1:48pm   NNE
27  26.9  33.2  1:07pm  23.2  5:31am   0.0   3.0   0.0   1.8  21.0  1:36pm     S
28  26.8  34.1 12:13pm  22.2  3:17am   0.0   3.1   0.8   3.0  21.0  1:25pm     N
29  26.9  33.2 11:17am  21.9  5:36am   0.0   3.3   0.0   3.0  23.0  6:30pm   NNE
30  27.2  32.8 10:42am  23.0  5:39am   0.0   3.3   3.0   4.1  27.0  3:39pm   NNE
31  27.2  35.1  1:40pm  22.2  3:35am   0.0   3.6   9.0   3.6  27.0 12:21pm   NNW
----------------------------------------------------------------------------------
    24.3  35.1    31    16.2    22     0.7  56.8  70.0   3.2  33.0     4     ENE

Max >=  30.0 17
Max <=  25.0  0
Min <=  10.0  0
Min <=   5.0  0
Max Rain: 35.6 on day 4
Days of Rain: 11 (>= 0.2 mm)  6 (>= 2.0 mm)  1 (>= 20.0 mm)
Heat Base: 18.0  Cool Base: 24.0  Method: Integration