NOAA Style Reports

This page shows monthly and annual NOAA style reports since 2009.

Tables are updated at midnight each day.

Select a Year or Month report

Report for 2023 Feb
                   Monthly Climatological Summary for Feb 2023

Name: Ferny Grove   City: Brisbane   State: Queensland
Elevation: 76 m  Lat: S 27° 23' 52"   Lon: E 152° 55' 34"

                  Temperature (°C), Rain (mm), Wind Speed (km/h)

                                      Heat  Cool        Avg
    Mean                              Deg   Deg         Wind                 Dom
Day Temp  High   Time   Low    Time   Days  Days  Rain  Speed High   Time    Dir
----------------------------------------------------------------------------------
01  28.1  35.5  2:03pm  23.2  5:09am   0.0   4.2   0.0   2.7  29.0  4:45pm   ENE
02  27.2  32.6 12:59pm  24.4  5:23am   0.0   3.2   0.0   2.3  19.0  3:35pm     E
03  29.2  37.1 11:44am  22.1  5:37am   0.0   5.4   0.0   3.5  33.0  5:24pm     N
04  25.6  30.3  9:13am  21.1 11:56pm   0.0   1.9   1.4   1.6  19.0  9:09am     W
05  25.7  32.4  2:40pm  20.5  4:04am   0.0   2.6   0.0   3.2  23.0  3:36pm   ESE
06  25.4  31.5 12:45pm  19.9  2:12am   0.0   2.5   0.0   4.3  27.0 11:36am     E
07  24.2  29.4  1:37pm  18.4  5:43am   0.0   1.5   0.0   3.1  23.0  1:51pm     E
08  25.1  30.7  1:27pm  20.5  5:30am   0.0   1.9   0.0   3.9  25.0 12:02pm   ESE
09  23.9  27.3  8:53am  20.6  5:13am   0.0   0.8   2.2   3.5  29.0  8:44am     E
10  24.7  31.5  2:40pm  19.4  4:31am   0.0   2.1   0.0   4.1  25.0  9:25am    SE
11  25.5  33.9  1:10pm  18.4  5:37am   0.0   3.0   0.0   3.0  27.0 10:53am    SE
12  27.4  38.1 12:52pm  19.8  5:36am   0.0   4.4   0.0   2.9  27.0  3:58pm   NNE
13  28.0  36.4  1:10pm  23.3  5:59am   0.0   4.1   0.0   4.6  29.0  3:38pm   ESE
14  24.3  30.6  1:54pm  19.2 10:52pm   0.0   1.4  38.4   3.3  37.0 10:25pm    SE
15  23.1  29.2 12:41pm  18.3  5:59am   0.0   0.9   0.8   4.6  23.0  3:58pm    SE
16  22.8  29.4  2:05pm  16.6  5:39am   0.1   1.3   0.0   2.3  21.0  2:33pm     E
17  23.2  30.8  2:29pm  15.9  5:36am   0.3   1.8   0.0   2.7  21.0  2:30pm    NE
18  24.6  32.3  1:20pm  18.8  5:46am   0.0   2.3   0.0   3.3  23.0  5:31pm    NE
19  24.3  30.3  1:13pm  18.7  5:27am   0.0   1.7   0.0   2.4  19.0  3:24pm   ENE
20  23.6  28.9 10:59am  20.2 11:58pm   0.0   0.9   2.2   2.3  25.0 10:23am     E
21  23.2  28.5  2:39pm  18.8 11:59pm   0.0   0.8   1.0   2.7  21.0 12:25pm     E
22  22.9  29.4  2:05pm  18.4  1:54am   0.0   1.1   2.0   4.4  25.0  1:33pm    SE
23  23.2  29.1  1:47pm  19.3  6:01am   0.0   1.0   1.4   5.4  29.0 12:43pm    SE
24  22.1  27.1 10:53am  19.2 11:39pm   0.0   0.3   0.2   5.1  33.0  1:52pm   SSE
25  22.8  29.6  2:18pm  18.0  5:06am   0.0   1.2   0.0   3.6  23.0  3:01pm   ESE
26  23.4  31.1  2:16pm  16.6  5:42am   0.2   1.8   0.0   3.0  21.0  3:54pm    NE
27  24.7  32.1 12:01pm  18.4  5:48am   0.0   2.4   0.0   3.4  23.0  2:15pm   NNE
28  25.1  31.8 11:44am  20.2  5:58am   0.0   2.3   0.0   3.6  29.0  2:03pm   NNE
----------------------------------------------------------------------------------
    24.8  38.1    12    15.9    17     0.6  58.8  49.6   3.4  37.0    14       E

Max >=  30.0 18
Max <=  25.0  0
Min <=  10.0  0
Min <=   5.0  0
Max Rain: 38.4 on day 14
Days of Rain: 9 (>= 0.2 mm)  4 (>= 2.0 mm)  1 (>= 20.0 mm)
Heat Base: 18.0  Cool Base: 24.0  Method: Integration