NOAA Style Reports

This page shows monthly and annual NOAA style reports since 2009.

Tables are updated at midnight each day.

Select a Year or Month report

Report for 2023 Mar
                   Monthly Climatological Summary for Mar 2023

Name: Ferny Grove   City: Brisbane   State: Queensland
Elevation: 76 m  Lat: S 27° 23' 52"   Lon: E 152° 55' 34"

                  Temperature (°C), Rain (mm), Wind Speed (km/h)

                                      Heat  Cool        Avg
    Mean                              Deg   Deg         Wind                 Dom
Day Temp  High   Time   Low    Time   Days  Days  Rain  Speed High   Time    Dir
----------------------------------------------------------------------------------
01  25.5  33.4 12:20pm  18.9  5:48am   0.0   2.8   1.2   4.7  25.0  3:20pm   NNE
02  23.9  28.5  2:51pm  21.6  4:11am   0.0   0.8   0.4   1.4  15.0 12:20pm   ESE
03  24.4  31.0 11:23am  20.3 11:57pm   0.0   1.5   0.0   3.7  29.0  3:03pm   ESE
04  23.7  31.1  2:08pm  18.0  2:55am   0.0   1.6   0.0   5.4  31.0  3:10pm    SE
05  23.7  30.8 12:56pm  16.8  5:48am   0.1   1.9   0.0   3.2  21.0  1:58pm     E
06  24.6  31.5  2:19pm  18.8  5:59am   0.0   2.2   0.0   4.8  29.0  2:46pm   NNE
07  25.7  34.1 12:16pm  18.6  5:50am   0.0   3.0   0.0   4.0  23.0  3:45pm   NNE
08  26.6  32.1  1:50pm  22.6  6:06am   0.0   2.8   0.0   1.0  14.0 12:40pm     N
09  25.8  30.8 10:21am  22.3 11:59pm   0.0   2.1   0.2   1.2  17.0 10:44am     W
10  23.3  28.4 11:48am  20.1  6:22am   0.0   0.8   5.6   1.5  21.0 12:18pm    NE
11  23.5  27.2 11:36am  21.3  5:42am   0.0   0.5   7.6   1.2  17.0 12:02pm    NW
12  24.2  30.8  1:26pm  22.1  5:16am   0.0   1.1  72.2   1.0  23.0  2:09pm     N
13  25.3  31.3  2:19pm  22.2  6:15am   0.0   1.9   0.0   2.3  19.0 12:25pm    SE
14  25.0  32.3  1:18pm  19.4  5:55am   0.0   2.2   0.0   2.8  19.0  1:09pm   ENE
15  25.9  33.4 12:30pm  21.1  5:53am   0.0   2.6   0.0   2.4  23.0  1:01pm   NNE
16  27.3  35.0 12:18pm  21.3  6:04am   0.0   3.8   0.0   0.5  17.0  4:57pm     N
17  28.1  37.6  2:57pm  22.4  6:09am   0.0   4.3   0.0   0.2  19.0  5:19pm   NNE
18  27.1  33.6 12:30pm  23.1  6:16am   0.0   3.2   0.0   2.8  19.0  4:40pm    NE
19  25.9  32.5  1:16pm  21.0  4:25am   0.0   2.6   0.0   2.9  23.0  2:37pm    NE
20  25.1  31.4  2:20pm  18.8  5:53am   0.0   2.4   0.0   2.5  19.0  4:45pm   ENE
21  25.2  29.8 11:50am  21.2  4:18am   0.0   1.8   1.2   4.0  31.0 12:12pm     E
22  22.5  25.2  4:52pm  20.9  6:15am   0.0   0.1  18.4   2.9  21.0  4:07pm    SE
23  23.1  28.8  1:10pm  18.6 11:59pm   0.0   1.0   0.0   1.5  15.0  9:11am   ENE
24  24.0  32.4  1:21pm  17.3  5:25am   0.1   2.2   0.0   2.9  21.0 10:03am     N
25  24.7  30.2 12:27pm  20.5  5:58am   0.0   1.6   4.4   2.2  19.0  2:44pm    NE
26  23.6  29.1 11:29am  20.1  6:07am   0.0   1.0   0.2   2.3  21.0 12:53pm   ESE
27  24.9  31.6  1:27pm  19.5  6:08am   0.0   2.1   0.0   3.0  19.0 12:18pm   NNE
28  25.1  30.8 12:24pm  20.0  5:50am   0.0   2.2   0.0   1.8  15.0  4:01pm   NNE
29  23.7  26.4 12:53pm  21.9 12:52am   0.0   0.4   1.4   0.3  14.0 12:44pm    NW
30  24.4  31.8  2:14pm  18.5 11:26pm   0.0   1.9  21.2   4.1  33.0  3:54pm     W
31  22.0  30.4  2:06pm  13.3  5:59am   0.8   1.5   0.0   2.1  21.0  2:41pm   WSW
----------------------------------------------------------------------------------
    24.8  37.6    17    13.3    31     1.0  59.9 134.0   2.5  33.0    30      NE

Max >=  30.0 23
Max <=  25.0  0
Min <=  10.0  0
Min <=   5.0  0
Max Rain: 72.2 on day 12
Days of Rain: 12 (>= 0.2 mm)  6 (>= 2.0 mm)  2 (>= 20.0 mm)
Heat Base: 18.0  Cool Base: 24.0  Method: Integration