NOAA Style Reports

This page shows monthly and annual NOAA style reports since 2009.

Tables are updated at midnight each day.

Select a Year or Month report

Report for 2023 Apr
                   Monthly Climatological Summary for Apr 2023

Name: Ferny Grove   City: Brisbane   State: Queensland
Elevation: 76 m  Lat: S 27° 23' 52"   Lon: E 152° 55' 34"

                  Temperature (°C), Rain (mm), Wind Speed (km/h)

                                      Heat  Cool        Avg
    Mean                              Deg   Deg         Wind                 Dom
Day Temp  High   Time   Low    Time   Days  Days  Rain  Speed High   Time    Dir
----------------------------------------------------------------------------------
01  21.0  24.9 11:45am  16.9 11:51pm   0.0   0.1   0.0   0.9  17.0  2:30pm     S
02  20.9  29.1  1:49pm  13.7  5:57am   1.0   0.8   0.0   2.2  17.0  8:44am   ESE
03  22.1  29.3  1:42pm  16.3  5:45am   0.2   0.9   0.0   4.0  25.0  7:14am   SSE
04  21.9  29.4 12:36pm  18.0 11:58pm   0.0   0.8   7.4   2.5  29.0  2:43pm   SSW
05  22.2  31.8  2:22pm  16.1  6:11am   0.3   1.5   0.2   2.7  23.0 12:07pm   SSW
06  21.3  28.2 11:58am  15.9  6:27am   0.4   0.6   0.0   1.6  17.0  9:31am   ESE
07  20.4  24.4  3:44pm  17.2  3:22am   0.1   0.0  26.2   3.2  37.0 11:04pm   NNW
08  22.4  28.8 12:52pm  15.7 11:58pm   0.2   1.1   1.6   7.9  39.0 12:09pm     W
09  21.4  27.9  2:16pm  14.8  3:10am   0.7   0.7   0.0  10.6  50.0 10:08am     W
10  21.5  27.2  1:55pm  16.4 11:59pm   0.1   0.5   0.0  11.0  39.0 12:10pm     W
11  19.2  28.1  2:02pm  10.5  5:57am   1.8   0.7   0.0   4.2  31.0  4:36pm     W
12  19.4  28.4  2:48pm  10.7  6:21am   2.0   0.9   0.0   2.8  25.0 10:56am     W
13  21.4  29.0  1:19pm  13.2  5:58am   1.2   1.2   0.0   7.6  41.0  1:19pm     W
14  20.1  28.4  2:47pm  12.6  6:25am   1.2   0.7   0.0   2.1  23.0  1:48pm     S
15  19.9  27.6  1:47pm  13.1  6:23am   1.2   0.6   0.0   1.8  21.0  3:23pm    NE
16  22.5  29.7 12:16pm  15.2  6:08am   0.6   1.3   0.0   2.7  21.0 10:47am   NNE
17  23.2  29.5 11:23am  18.5  6:17am   0.0   1.0   0.0   2.7  23.0  8:02pm    SE
18  21.4  27.6  1:52pm  17.4 10:46pm   0.1   0.6   0.0   4.3  31.0 11:26am   SSE
19  20.6  26.9  1:51pm  16.4 11:51pm   0.2   0.4   1.2   2.8  21.0 11:31am     S
20  20.6  27.4 12:46pm  13.6  5:58am   1.1   0.6   0.0   3.6  27.0  9:52am     S
21  20.6  26.4  1:04pm  16.3  6:13am   0.1   0.2   0.0   5.7  33.0  1:08pm     S
22  20.7  26.1  1:14pm  16.7  3:49am   0.2   0.2   0.0   5.3  27.0  2:10pm   SSE
23  21.0  27.2 12:48pm  15.6  6:03am   0.4   0.5   0.0   5.8  33.0  2:42pm   SSE
24  19.3  24.8  1:25pm  17.1  3:22am   0.2   0.0   5.4   5.2  33.0  9:34am    SE
25  19.3  23.9 11:59am  16.9 10:55pm   0.2   0.0   4.4   4.0  27.0  4:15pm   SSE
26  18.6  23.4 11:02am  15.7  5:38am   0.6   0.0   2.8   3.0  25.0 12:02pm   SSE
27  19.2  24.6  2:48pm  15.9  6:17am   0.7   0.0   1.0   2.1  19.0 10:07am     S
28  19.6  26.2  1:57pm  14.8 11:56pm   0.6   0.1   0.0   2.4  19.0  6:32am    SE
29  19.4  25.1  1:11pm  14.6  1:27am   1.0   0.1   0.0   1.4  17.0 12:15pm   NNW
30  19.0  25.5  2:31pm  14.6  9:40pm   0.9   0.1   7.4   3.5  23.0  3:44pm     W
----------------------------------------------------------------------------------
    20.7  31.8     5    10.5    11    17.3  16.2  57.6   4.0  50.0     9     SSW

Max >=  30.0  1
Max <=  25.0  6
Min <=  10.0  0
Min <=   5.0  0
Max Rain: 26.2 on day 7
Days of Rain: 10 (>= 0.2 mm)  6 (>= 2.0 mm)  1 (>= 20.0 mm)
Heat Base: 18.0  Cool Base: 24.0  Method: Integration