Brisbane, Queensland, Australia, Latitude 27°S 23' 52", Longitude 152° E 55' 35", Elevation 76 m

At: Mon 30 Mar 2020 4:35:04 am, Temperature: 17.8 °C, Humidity: 96 %, Wind speed: 0 km/h, Wind Gust: 0 km/h, Rain today: 0.0 mm, MSLP: 1015.51 hPa

Website under continual development from 10 years of weather data. Please contact us if you find issues or like to provide feedback.

NOAA Style Reports

This page shows monthly and annual NOAA style reports since 2009.

Tables are updated at midnight each day.

Select a Year or Month report

Report for 2020 Mar
                   Monthly Climatological Summary for Mar 2020

Name: Ferny Grove   City: Brisbane   State: Queensland
Elevation: 76 m  Lat: S 27 23 52   Lon: E 152 55 35

                  Temperature (°C), Rain (mm), Wind Speed (km/h)

                                      Heat  Cool        Avg
    Mean                              Deg   Deg         Wind                 Dom
Day Temp  High   Time   Low    Time   Days  Days  Rain  Speed High   Time    Dir
----------------------------------------------------------------------------------
01  25.3  32.2 12:33pm  19.2  6:00am   0.0   2.6   0.0   3.7  27.0  2:03pm     E
02  26.7  35.2  2:33pm  19.6  5:56am   0.0   3.8   0.0   3.2  21.0  3:38pm   ENE
03  26.6  33.5  1:27pm  19.8  5:51am   0.0   3.5   0.0   3.3  21.0  6:39pm   ESE
04  25.9  30.6  1:36pm  22.5  5:00am   0.0   2.0  15.2   4.9  29.0  4:43pm   ESE
05  26.3  30.9  1:41pm  21.7  5:58am   0.0   2.6   0.0   4.9  27.0 11:44am   ENE
06  26.5  32.3  2:46pm  23.8  5:50pm   0.0   2.5  40.8   3.5  21.0  5:23pm   NNE
07  25.7  32.2 12:34pm  22.7  5:49am   0.0   1.9   0.2   5.2  29.0 11:07pm   SSE
08  24.4  27.5  3:15pm  21.9  7:01am   0.0   0.9   0.0   7.2  33.0 12:18pm   SSE
09  20.5  22.9 12:00am  18.6 11:53pm   0.0   0.0  37.0   4.5  29.0  8:39pm     S
10  20.5  25.7 11:07am  18.2  2:40am   0.0   0.0  10.0   5.7  31.0 11:23am   SSW
11  22.4  28.0  1:00pm  18.5  5:01am   0.0   0.8   0.0   8.1  35.0 11:13am     S
12  20.4  26.5  9:35am  17.6 11:57pm   0.0   0.1   8.0   8.2  31.0 10:31am   SSW
13  21.2  26.9 10:54am  16.8  5:15am   0.2   0.3   0.2   5.7  42.0 12:50pm     S
14  21.9  28.3  1:04pm  15.3  6:05am   0.5   0.9   0.0   4.9  25.0 10:17am     S
15  22.4  28.6 12:12pm  17.7  5:41am   0.0   1.0   0.0   8.5  31.0  8:18am   SSW
16  22.0  28.1  1:21pm  17.4  5:33am   0.0   0.8   0.0   5.7  31.0  8:56am   SSW
17  21.8  27.6  2:09pm  16.7  5:46am   0.1   0.7   0.0   5.8  25.0  8:20am     S
18  21.8  28.7 12:50pm  15.9  5:34am   0.3   0.9   0.0   4.6  23.0  9:50am     S
19  21.5  29.1 12:51pm  15.1  5:45am   0.5   1.1   0.0   2.9  19.0  8:26am   ENE
20  22.4  30.7  2:04pm  15.2  6:04am   0.6   1.6   0.0   3.2  23.0  3:58pm    NE
21  24.8  33.9  1:48pm  16.7  6:05am   0.1   2.9   0.0   2.6  19.0  3:03pm    SE
22  25.9  32.4  1:20pm  21.3  5:51am   0.0   2.5   0.0   3.2  21.0  2:41pm   ENE
23  23.4  27.2  2:24pm  19.8  3:57am   0.0   0.9   0.0   4.2  27.0  6:24pm   SSE
24  22.2  24.9 11:55am  19.7 11:14pm   0.0   0.0   0.0   2.7  25.0  3:28pm   SSE
25  21.8  28.1  2:13pm  17.1 11:54pm   0.0   0.5   0.6   2.0  17.0  4:49pm   ENE
26  21.8  29.1  1:15pm  15.7  6:03am   0.5   1.0   3.4   2.7  21.0  2:50pm   ESE
27  20.6  25.6 10:06am  17.7  6:10am   0.0   0.1   2.2   2.9  23.0  9:37am   SSW
28  21.7  27.1 10:56am  17.8  5:03am   0.0   0.6   0.0   3.0  25.0  2:41pm     S
29  22.5  28.8  2:18pm  18.6  3:39am   0.0   0.9   0.0   2.1  17.0  2:37pm   ESE
----------------------------------------------------------------------------------
    23.1  35.2     2    15.1    19     2.8  37.4 117.6   4.5  42.0    13     SSE

Max >=  30.0 10
Max <=  25.0  2
Min <=  10.0  0
Min <=   5.0  0
Max Rain: 40.8 on day 6
Days of Rain: 10 (>= 0.2 mm)  7 (>= 2.0 mm)  2 (>= 20.0 mm)
Heat Base: 18.0  Cool Base: 24.0  Method: Integration