Brisbane, Queensland, Australia, Latitude 27°S 23' 52", Longitude 152° E 55' 35", Elevation 76 m

At: Sat 24 Aug 2019 6:05:03 am, Temperature: 7.7 °C, Humidity: 81 %, Wind speed: 0 km/h, Wind Gust: 0 km/h, Rain today: 0.0 mm, MSLP: 1025.16 hPa

New beta website from 10 years of weather station data. Please contact us if you find issues or like to provide feedback.

NOAA Style Reports

This page shows monthly and annual NOAA style reports since 2009.

Tables are updated at midnight each day.


Report for 2019 Aug
                   Monthly Climatological Summary for Aug 2019

Name: Ferny Grove   City: Brisbane   State: Queensland
Elevation: 76 m  Lat: S 27 23 52   Lon: E 152 55 35

                  Temperature (°C), Rain (mm), Wind Speed (km/h)

                                      Heat  Cool        Avg
    Mean                              Deg   Deg         Wind                 Dom
Day Temp  High   Time   Low    Time   Days  Days  Rain  Speed High   Time    Dir
----------------------------------------------------------------------------------
01  15.4  21.4  1:13pm  10.9  3:49am   3.1   0.0   0.0   2.4  19.0  4:26pm     S
02  14.5  22.4 12:10pm   9.9  5:53am   4.1   0.0   0.4   2.5  19.0  8:51am     S
03  14.7  23.7  1:10pm   8.2  6:40am   4.4   0.0   0.0   2.5  21.0  3:51pm     S
04  14.9  24.4  1:42pm   7.3  6:44am   4.5   0.0   0.2   1.9  19.0  3:19pm   ESE
05  14.8  23.4  1:10pm   8.4  6:32am   4.4   0.0   0.0   2.2  17.0 12:59pm     E
06  14.9  23.9  1:52pm   7.3  6:39am   4.5   0.0   0.0   2.3  21.0  3:37pm     E
07  15.9  23.0 11:48am  11.2 12:00am   2.9   0.0  10.0   1.6  15.0 12:25pm    NE
08  19.6  28.6  2:46pm  11.9  6:38am   1.6   0.8   0.0   4.4  33.0  1:46pm    NW
09  18.2  25.1  1:17pm  11.4 11:39pm   1.7   0.1   0.0   9.8  56.0  7:28am   WNW
10  17.1  23.2  1:33pm  11.4 12:00am   2.2   0.0   0.0  11.0  48.0  1:01pm   WNW
11  14.6  20.8  2:12pm   9.4  6:19am   3.8   0.0   0.0  12.0  41.0  4:45pm   WNW
12  14.0  22.0  2:23pm   8.8 11:56pm   4.6   0.0   0.0   7.0  35.0  3:08am     W
13  13.8  23.0  1:40pm   6.2  6:29am   5.1   0.0   0.0   2.7  21.0 10:40am   SSE
14  14.4  22.4  1:24pm   8.1  6:46am   4.5   0.0   0.0   2.6  23.0  1:53pm     E
15  14.9  24.6  1:33pm   7.4  5:54am   4.4   0.0   0.0   3.2  23.0  1:50pm   ENE
16  16.0  25.3 12:11pm   8.9  3:25am   3.7   0.1   0.0   3.0  21.0  2:58pm   ENE
17  16.9  28.3  2:20pm   7.8  6:22am   3.8   0.7   0.0   2.4  37.0 12:42pm   ENE
18  17.1  24.9  2:17pm  11.1  4:45am   2.4   0.0   0.0   3.1  21.0 12:36pm     E
19  18.4  28.6  1:13pm  10.5  5:50am   2.5   0.7   0.0   7.6  41.0  7:27pm   WNW
20  14.9  23.3  2:15pm   7.7 10:23pm   4.1   0.0   0.0   4.0  21.0  9:06am   WSW
21  18.1  26.1  3:03pm   8.4  4:47am   2.1   0.2   0.0  11.4  46.0  9:42pm   WNW
22  19.3  25.9  1:39pm  14.2  5:56am   1.0   0.2   0.0  11.6  52.0 10:27am   WNW
23  16.1  24.1  2:15pm   9.7  6:21am   3.2   0.0   0.0   3.8  25.0  9:22am     S
----------------------------------------------------------------------------------
    16.0  28.6     8     6.2    13    78.6   2.8  10.6   5.0  56.0     9     WNW

Max >=  30.0  0
Max <=  25.0 16
Min <=  10.0 15
Min <=   5.0  0
Max Rain: 10.0 on day 7
Days of Rain: 3 (>= 0.2 mm)  1 (>= 2.0 mm)  0 (>= 20.0 mm)
Heat Base: 18.0  Cool Base: 24.0  Method: Integration