Brisbane, Queensland, Australia, Latitude 27°S 23' 52", Longitude 152° E 55' 35", Elevation 76 m

Tue 21 Sep 2021 11:10:03 pm: Temperature: 12.1 °C, Humidity: 40 %, Wind speed: 7 km/h, Wind Gust: 17 km/h, Rain today: 0.0 mm, MSLP: 1018.5 hPa

Website under continual development from 11 years of weather data. Please contact us if you find issues or like to provide feedback.

NOAA Style Reports

This page shows monthly and annual NOAA style reports since 2009.

Tables are updated at midnight each day.


Report for 2009
                   Annual Climatological Summary for 2009

Name: Ferny Grove   City: Brisbane   State: Queensland
Elevation: 76 m  Lat: S 27° 23' 52"   Lon: E 152° 55' 35"

                  Temperature (°C), Heat Base: 18.0  Cool Base: 24.0
                          Dep.  Heat  Cool                       Max  Max  Min  Min
        Mean  Mean        From  Deg   Deg                        >=   <=   <=   <=
 YR MO  Max   Min   Mean  Norm  Days  Days  Hi  Date  Low  Date 30.0 25.0 10.0   5.0
------------------------------------------------------------------------------------
 09  1  ----  ----  ----   ---    --    --  ----  --  ----   --   --   --   --   --
 09  2  ----  ----  ----   ---    --    --  ----  --  ----   --   --   --   --   --
 09  3  ----  ----  ----   ---    --    --  ----  --  ----   --   --   --   --   --
 09  4  ----  ----  ----   ---    --    --  ----  --  ----   --   --   --   --   --
 09  5  ----  ----  ----   ---    --    --  ----  --  ----   --   --   --   --   --
 09  6  22.1   9.3  16.1   0.8    15     0  24.6  19   1.2   12    0    0   10    1
 09  7  22.3   8.2  15.3   0.0    43     0  25.6  13   2.9   21    0   16   24    1
 09  8  27.9  10.7  20.0   3.6     9     6  34.5  25   6.5    1    6    4   22    0
 09  9  29.1  12.3  20.7   1.7     3     3  33.5  26   5.4    1    9    0    8    0
 09 10  29.2  14.5  22.0   1.6     0     5  34.8   3  10.0    8    4    1    1    0
 09 11  32.1  18.7  25.9   2.1     0    37  37.9  17  13.2    3   13    0    0    0
 09 12  32.2  21.1  26.4   2.5     0    30  36.5   5  16.6    3   11    1    0    0
------------------------------------------------------------------------------------
        27.5  15.3  21.5   0.8   192   217  37.9 Nov   1.2  Jun   43   22   65    2

                                Precipitation (mm)

              Dep.   Max        Days of Rain
              From   Obs.           >=
 YR MO Total  Norm   Day Date  0.2  2.0 20.0
---------------------------------------------
 09  1  32.5-112.5  30.0  23     2    2    1
 09  2 170.0   8.2  84.5  13     6    6    4
 09  3  26.0 -98.2  26.0  14     1    1    1
 09  4 163.6  69.8  92.5  13     4    4    2
 09  5 327.6 224.6 152.0  22     8    6    4
 09  6 101.8  39.9  33.5  23    11    8    2
 09  7   4.5 -29.0   4.0   8     2    1    0
 09  8   1.5 -35.0   1.0  12     2    0    0
 09  9  16.6 -16.6   8.5   6     4    3    0
 09 10  54.7  -9.8  39.6  27     9    5    1
 09 11  36.8 -59.1  14.1  10    11    4    0
 09 12 243.8 114.6  50.6  30    18   13    6
---------------------------------------------
      1179.4  96.9 152.0  May   78   53   21

                                Wind Speed (km/h)
                          Dom
 YR MO   Avg.  Hi   Date  Dir
------------------------------
 09  1   ---   ---   --   ---
 09  2   ---   ---   --   ---
 09  3   ---   ---   --   ---
 09  4   ---   ---   --   ---
 09  5   ---   ---   --   ---
 09  6   ---   ---   --   ---
 09  7   ---   ---   --   ---
 09  8   ---   ---   --   ---
 09  9   ---   ---   --   ---
 09 10   ---   ---   --   ---
 09 11   ---   ---   --   ---
 09 12   ---   ---   --   ---
------------------------------
         ---   ---  ---   ---