NOAA Style Reports

This page shows monthly and annual NOAA style reports since 2009.

Tables are updated at midnight each day.

Select a Year or Month report

Report for 2023
                   Annual Climatological Summary for 2023

Name: Ferny Grove   City: Brisbane   State: Queensland
Elevation: 76 m  Lat: S 27° 23' 52"   Lon: E 152° 55' 34"

                  Temperature (°C), Heat Base: 18.0  Cool Base: 24.0
                          Dep.  Heat  Cool                       Max  Max  Min  Min
        Mean  Mean        From  Deg   Deg                        >=   <=   <=   <=
 YR MO  Max   Min   Mean  Norm  Days  Days  Hi  Date  Low  Date 30.0 25.0 10.0   5.0
------------------------------------------------------------------------------------
 23  1  30.6  19.5  24.3  -1.6     1    57  35.1  31  16.2   22   17    0    0    0
 23  2  31.3  19.6  24.8  -0.7     1    59  38.1  12  15.9   17   18    0    0    0
 23  3  31.1  20.1  24.8   1.1     1    60  37.6  17  13.3   31   23    0    0    0
 23  4  27.2  15.3  20.7  -0.9    17    16  31.8   5  10.5   11    1    6    0    0
 23  5  24.0   9.6  16.0  -1.7   103     2  27.9   3   4.7    9    0   23   18    1
 23  6  23.3   9.4  15.5   0.2   106     1  28.8  25   4.3   21    0   25   19    2
 23  7  22.2   9.5  15.3   0.3    99     0  25.7  21   4.9    1    0   26   16    1
 23  8
 23  9
 23 10
 23 11
 23 12
------------------------------------------------------------------------------------
        27.1  14.7  20.2  -0.5   328   194  38.1 Feb   4.3  Jun   59   80   53    4

                                Precipitation (mm)

              Dep.   Max        Days of Rain
              From   Obs.           >=
 YR MO Total  Norm   Day Date  0.2  2.0 20.0
---------------------------------------------
 23  1  70.0 -75.0  35.6   4    11    6    1
 23  2  49.6-112.2  38.4  14     9    4    1
 23  3 134.0   9.8  72.2  12    12    6    2
 23  4  57.6 -36.2  26.2   7    10    6    1
 23  5 103.2   0.2  46.2  16     5    4    3
 23  6   5.2 -56.7   2.8  12     4    1    0
 23  7  32.8  -0.7  24.0   4     5    3    1
---------------------------------------------
       452.4-270.8  72.2  Mar   56   30    9

                                Wind Speed (km/h)
                          Dom
 YR MO   Avg.  Hi   Date  Dir
------------------------------
 23  1   3.2  33.0    4   ENE
 23  2   3.4  37.0   14     E
 23  3   2.5  33.0   30    NE
 23  4   4.0  50.0    9   SSW
 23  5   3.0  42.0    7   WSW
 23  6   2.6  35.0   14     W
 23  7   2.3  44.0    7    SW
 23  8
 23  9
 23 10
 23 11
 23 12
------------------------------
         3.0  50.0  Apr     S